{"id":16867,"date":"2025-08-01T09:59:17","date_gmt":"2025-08-01T12:59:17","guid":{"rendered":"https:\/\/www.economicas.uba.ar\/iiep\/?post_type=tribe_events&#038;p=16867"},"modified":"2025-08-01T09:59:17","modified_gmt":"2025-08-01T12:59:17","slug":"la-desigualdad-como-derechos-sobre-trabajo","status":"publish","type":"tribe_events","link":"https:\/\/economicas.uba.ar\/iiep\/eventos\/la-desigualdad-como-derechos-sobre-trabajo\/","title":{"rendered":"La desigualdad como derechos sobre trabajo"},"content":{"rendered":"<div class=\"tribe-events-single-event-description tribe-events-content\">\n<p>Seminario de Investigaci\u00f3n del IIEP<br \/>\nLa desigualdad como derechos sobre trabajo<br \/>\nExpositor | <strong>Dr. Paul Segal<\/strong> | Profesor Titular, Departamento de Econom\u00eda y Finanzas, IAE Business School, Universidad Austral<\/p>\n<p>Resumen<br \/>\nLos estudios contempor\u00e1neos sobre la desigualdad econ\u00f3mica est\u00e1n basados en la distribuci\u00f3n de la capacidad de adquisici\u00f3n de bienes y servicios. Pero, desde Rousseau en adelante, diversos cient\u00edficos sociales han analizado otro aspecto de la desigualdad: el que implica que una persona tiene la capacidad de comandar a otra para sus objetivos de consumo. Llamamos a este concepto inequality as entitlements over labor, o la desigualdad como derechos sobre trabajo. Propongo medir los derechos sobre el trabajo calculando el grado en que los grupos de altos ingresos pueden permitirse comprar el trabajo de otros para el consumo personal. A diferencia de las medidas est\u00e1ndar de desigualdad, esta medida no es utilitarista, sino que tiene su base normativa en las relaciones de dominaci\u00f3n, jerarqu\u00eda y estatus social entre las personas. Calculo la medida en 140 pa\u00edses y muestro que las \u00e9lites en los pa\u00edses m\u00e1s pobres superan o sobrepasan a sus contrapartes de los pa\u00edses ricos, disfrutando de ingresos reales m\u00e1s altos en t\u00e9rminos de su capacidad para comandar el trabajo dom\u00e9stico.<\/p>\n<p><strong>Sobre el expositor<\/strong><br \/>\nEs profesor titular en el \u00e1rea de Econom\u00eda y Finanzas en el IAE Business School, Universidad Austral. Posee un DPhil y un MPhil en Econom\u00eda, y un BA en Matem\u00e1ticas y Filosof\u00eda, todos de la Universidad de Oxford. Es Profesor Visitante en el International Inequalities Institute de la London School of Economics e Investigador Afiliado en el Stone Center on Socio-Economic Inequality en Nueva York.<\/p>\n<p>Sus investigaciones se centran en las econom\u00edas emergentes y abarcan desigualdades globales y nacionales, pobreza, econom\u00eda de los recursos naturales, y la historia y el desarrollo econ\u00f3mico. Sus art\u00edculos han sido publicados en revistas como el Journal of Economic Literature, Economic History Review, Journal of Economic History, World Development, Socio-Economic Review, British Journal of Sociology, y Development and Change, entre otras. Adem\u00e1s, ha escrito sobre econom\u00eda para los peri\u00f3dicos FT.com y The Guardian.<\/p>\n<p>Ha sido Investigador en la Universidad de Harvard y en el Oxford Institute for Energy Studies, Associate Profesor en King\u2019s College London y Assistant Profesor en la Universidad de Sussex.<\/p>\n<p>&nbsp;<\/p>\n<p>Lugar | FCE-UBA | Aula a confirmar<\/p>\n<\/div>\n","protected":false},"excerpt":{"rendered":"<p>Seminario de Investigaci\u00f3n del IIEP La desigualdad como derechos sobre trabajo Expositor | Dr. Paul Segal | Profesor Titular, Departamento de Econom\u00eda y Finanzas, IAE Business School, Universidad Austral Resumen<\/p>\n","protected":false},"author":9,"featured_media":0,"template":"","meta":{"_tribe_events_status":"","_tribe_events_status_reason":"","footnotes":""},"tags":[],"tribe_events_cat":[74],"class_list":["post-16867","tribe_events","type-tribe_events","status-publish","hentry","tribe_events_cat-seminario-iiep","cat_seminario-iiep"],"yoast_head":"<!-- This site is optimized with the Yoast SEO plugin v27.4 - https:\/\/yoast.com\/product\/yoast-seo-wordpress\/ -->\n<title>La desigualdad como derechos sobre trabajo - IIEP UBA-CONICET<\/title>\n<meta name=\"robots\" content=\"index, follow, max-snippet:-1, max-image-preview:large, max-video-preview:-1\" \/>\n<link rel=\"canonical\" href=\"https:\/\/economicas.uba.ar\/iiep\/eventos\/la-desigualdad-como-derechos-sobre-trabajo\/\" \/>\n<meta property=\"og:locale\" content=\"es_ES\" \/>\n<meta property=\"og:type\" content=\"article\" \/>\n<meta property=\"og:title\" content=\"La desigualdad como derechos sobre trabajo - IIEP UBA-CONICET\" \/>\n<meta property=\"og:description\" content=\"Seminario de Investigaci\u00f3n del IIEP La desigualdad como derechos sobre trabajo Expositor | Dr. Paul Segal | Profesor Titular, Departamento de Econom\u00eda y Finanzas, IAE Business School, Universidad Austral Resumen\" \/>\n<meta property=\"og:url\" content=\"https:\/\/economicas.uba.ar\/iiep\/eventos\/la-desigualdad-como-derechos-sobre-trabajo\/\" \/>\n<meta property=\"og:site_name\" content=\"IIEP UBA-CONICET\" \/>\n<meta property=\"og:image\" content=\"https:\/\/economicas.uba.ar\/iiep\/wp-content\/uploads\/iiep-ico.jpg\" \/>\n\t<meta property=\"og:image:width\" content=\"300\" \/>\n\t<meta property=\"og:image:height\" content=\"300\" \/>\n\t<meta property=\"og:image:type\" content=\"image\/jpeg\" \/>\n<meta name=\"twitter:card\" content=\"summary_large_image\" \/>\n<meta name=\"twitter:label1\" content=\"Tiempo de lectura\" \/>\n\t<meta name=\"twitter:data1\" content=\"2 minutos\" \/>\n<script type=\"application\/ld+json\" class=\"yoast-schema-graph\">{\"@context\":\"https:\\\/\\\/schema.org\",\"@graph\":[{\"@type\":\"WebPage\",\"@id\":\"https:\\\/\\\/economicas.uba.ar\\\/iiep\\\/eventos\\\/la-desigualdad-como-derechos-sobre-trabajo\\\/\",\"url\":\"https:\\\/\\\/economicas.uba.ar\\\/iiep\\\/eventos\\\/la-desigualdad-como-derechos-sobre-trabajo\\\/\",\"name\":\"La desigualdad como derechos sobre trabajo - IIEP UBA-CONICET\",\"isPartOf\":{\"@id\":\"https:\\\/\\\/economicas.uba.ar\\\/iiep\\\/#website\"},\"datePublished\":\"2025-08-01T12:59:17+00:00\",\"breadcrumb\":{\"@id\":\"https:\\\/\\\/economicas.uba.ar\\\/iiep\\\/eventos\\\/la-desigualdad-como-derechos-sobre-trabajo\\\/#breadcrumb\"},\"inLanguage\":\"es-AR\",\"potentialAction\":[{\"@type\":\"ReadAction\",\"target\":[\"https:\\\/\\\/economicas.uba.ar\\\/iiep\\\/eventos\\\/la-desigualdad-como-derechos-sobre-trabajo\\\/\"]}]},{\"@type\":\"BreadcrumbList\",\"@id\":\"https:\\\/\\\/economicas.uba.ar\\\/iiep\\\/eventos\\\/la-desigualdad-como-derechos-sobre-trabajo\\\/#breadcrumb\",\"itemListElement\":[{\"@type\":\"ListItem\",\"position\":1,\"name\":\"Inicio\",\"item\":\"https:\\\/\\\/economicas.uba.ar\\\/iiep\\\/\"},{\"@type\":\"ListItem\",\"position\":2,\"name\":\"Eventos\",\"item\":\"https:\\\/\\\/economicas.uba.ar\\\/iiep\\\/eventos\\\/\"},{\"@type\":\"ListItem\",\"position\":3,\"name\":\"La desigualdad como derechos sobre trabajo\"}]},{\"@type\":\"WebSite\",\"@id\":\"https:\\\/\\\/economicas.uba.ar\\\/iiep\\\/#website\",\"url\":\"https:\\\/\\\/economicas.uba.ar\\\/iiep\\\/\",\"name\":\"IIEP\",\"description\":\"IIEP UBA-CONICET\",\"publisher\":{\"@id\":\"https:\\\/\\\/economicas.uba.ar\\\/iiep\\\/#organization\"},\"potentialAction\":[{\"@type\":\"SearchAction\",\"target\":{\"@type\":\"EntryPoint\",\"urlTemplate\":\"https:\\\/\\\/economicas.uba.ar\\\/iiep\\\/?s={search_term_string}\"},\"query-input\":{\"@type\":\"PropertyValueSpecification\",\"valueRequired\":true,\"valueName\":\"search_term_string\"}}],\"inLanguage\":\"es-AR\"},{\"@type\":\"Organization\",\"@id\":\"https:\\\/\\\/economicas.uba.ar\\\/iiep\\\/#organization\",\"name\":\"IIEP\",\"url\":\"https:\\\/\\\/economicas.uba.ar\\\/iiep\\\/\",\"logo\":{\"@type\":\"ImageObject\",\"inLanguage\":\"es-AR\",\"@id\":\"https:\\\/\\\/economicas.uba.ar\\\/iiep\\\/#\\\/schema\\\/logo\\\/image\\\/\",\"url\":\"https:\\\/\\\/economicas.uba.ar\\\/iiep\\\/wp-content\\\/uploads\\\/logo_iiep_light.svg\",\"contentUrl\":\"https:\\\/\\\/economicas.uba.ar\\\/iiep\\\/wp-content\\\/uploads\\\/logo_iiep_light.svg\",\"caption\":\"IIEP\"},\"image\":{\"@id\":\"https:\\\/\\\/economicas.uba.ar\\\/iiep\\\/#\\\/schema\\\/logo\\\/image\\\/\"}}]}<\/script>\n<!-- \/ Yoast SEO plugin. -->","yoast_head_json":{"title":"La desigualdad como derechos sobre trabajo - IIEP UBA-CONICET","robots":{"index":"index","follow":"follow","max-snippet":"max-snippet:-1","max-image-preview":"max-image-preview:large","max-video-preview":"max-video-preview:-1"},"canonical":"https:\/\/economicas.uba.ar\/iiep\/eventos\/la-desigualdad-como-derechos-sobre-trabajo\/","og_locale":"es_ES","og_type":"article","og_title":"La desigualdad como derechos sobre trabajo - IIEP UBA-CONICET","og_description":"Seminario de Investigaci\u00f3n del IIEP La desigualdad como derechos sobre trabajo Expositor | Dr. Paul Segal | Profesor Titular, Departamento de Econom\u00eda y Finanzas, IAE Business School, Universidad Austral Resumen","og_url":"https:\/\/economicas.uba.ar\/iiep\/eventos\/la-desigualdad-como-derechos-sobre-trabajo\/","og_site_name":"IIEP UBA-CONICET","og_image":[{"width":300,"height":300,"url":"https:\/\/economicas.uba.ar\/iiep\/wp-content\/uploads\/iiep-ico.jpg","type":"image\/jpeg"}],"twitter_card":"summary_large_image","twitter_misc":{"Tiempo de lectura":"2 minutos"},"schema":{"@context":"https:\/\/schema.org","@graph":[{"@type":"WebPage","@id":"https:\/\/economicas.uba.ar\/iiep\/eventos\/la-desigualdad-como-derechos-sobre-trabajo\/","url":"https:\/\/economicas.uba.ar\/iiep\/eventos\/la-desigualdad-como-derechos-sobre-trabajo\/","name":"La desigualdad como derechos sobre trabajo - IIEP UBA-CONICET","isPartOf":{"@id":"https:\/\/economicas.uba.ar\/iiep\/#website"},"datePublished":"2025-08-01T12:59:17+00:00","breadcrumb":{"@id":"https:\/\/economicas.uba.ar\/iiep\/eventos\/la-desigualdad-como-derechos-sobre-trabajo\/#breadcrumb"},"inLanguage":"es-AR","potentialAction":[{"@type":"ReadAction","target":["https:\/\/economicas.uba.ar\/iiep\/eventos\/la-desigualdad-como-derechos-sobre-trabajo\/"]}]},{"@type":"BreadcrumbList","@id":"https:\/\/economicas.uba.ar\/iiep\/eventos\/la-desigualdad-como-derechos-sobre-trabajo\/#breadcrumb","itemListElement":[{"@type":"ListItem","position":1,"name":"Inicio","item":"https:\/\/economicas.uba.ar\/iiep\/"},{"@type":"ListItem","position":2,"name":"Eventos","item":"https:\/\/economicas.uba.ar\/iiep\/eventos\/"},{"@type":"ListItem","position":3,"name":"La desigualdad como derechos sobre trabajo"}]},{"@type":"WebSite","@id":"https:\/\/economicas.uba.ar\/iiep\/#website","url":"https:\/\/economicas.uba.ar\/iiep\/","name":"IIEP","description":"IIEP UBA-CONICET","publisher":{"@id":"https:\/\/economicas.uba.ar\/iiep\/#organization"},"potentialAction":[{"@type":"SearchAction","target":{"@type":"EntryPoint","urlTemplate":"https:\/\/economicas.uba.ar\/iiep\/?s={search_term_string}"},"query-input":{"@type":"PropertyValueSpecification","valueRequired":true,"valueName":"search_term_string"}}],"inLanguage":"es-AR"},{"@type":"Organization","@id":"https:\/\/economicas.uba.ar\/iiep\/#organization","name":"IIEP","url":"https:\/\/economicas.uba.ar\/iiep\/","logo":{"@type":"ImageObject","inLanguage":"es-AR","@id":"https:\/\/economicas.uba.ar\/iiep\/#\/schema\/logo\/image\/","url":"https:\/\/economicas.uba.ar\/iiep\/wp-content\/uploads\/logo_iiep_light.svg","contentUrl":"https:\/\/economicas.uba.ar\/iiep\/wp-content\/uploads\/logo_iiep_light.svg","caption":"IIEP"},"image":{"@id":"https:\/\/economicas.uba.ar\/iiep\/#\/schema\/logo\/image\/"}}]}},"_links":{"self":[{"href":"https:\/\/economicas.uba.ar\/iiep\/wp-json\/wp\/v2\/tribe_events\/16867","targetHints":{"allow":["GET"]}}],"collection":[{"href":"https:\/\/economicas.uba.ar\/iiep\/wp-json\/wp\/v2\/tribe_events"}],"about":[{"href":"https:\/\/economicas.uba.ar\/iiep\/wp-json\/wp\/v2\/types\/tribe_events"}],"author":[{"embeddable":true,"href":"https:\/\/economicas.uba.ar\/iiep\/wp-json\/wp\/v2\/users\/9"}],"version-history":[{"count":1,"href":"https:\/\/economicas.uba.ar\/iiep\/wp-json\/wp\/v2\/tribe_events\/16867\/revisions"}],"predecessor-version":[{"id":16868,"href":"https:\/\/economicas.uba.ar\/iiep\/wp-json\/wp\/v2\/tribe_events\/16867\/revisions\/16868"}],"wp:attachment":[{"href":"https:\/\/economicas.uba.ar\/iiep\/wp-json\/wp\/v2\/media?parent=16867"}],"wp:term":[{"taxonomy":"post_tag","embeddable":true,"href":"https:\/\/economicas.uba.ar\/iiep\/wp-json\/wp\/v2\/tags?post=16867"},{"taxonomy":"tribe_events_cat","embeddable":true,"href":"https:\/\/economicas.uba.ar\/iiep\/wp-json\/wp\/v2\/tribe_events_cat?post=16867"}],"curies":[{"name":"wp","href":"https:\/\/api.w.org\/{rel}","templated":true}]}}

<div class="tribe-events-single-event-description tribe-events-content">
<p>Seminario de Investigación del IIEP<br />
La desigualdad como derechos sobre trabajo<br />
Expositor | <strong>Dr. Paul Segal</strong> | Profesor Titular, Departamento de Economía y Finanzas, IAE Business School, Universidad Austral</p>
<p>Resumen<br />
Los estudios contemporáneos sobre la desigualdad económica están basados en la distribución de la capacidad de adquisición de bienes y servicios. Pero, desde Rousseau en adelante, diversos científicos sociales han analizado otro aspecto de la desigualdad: el que implica que una persona tiene la capacidad de comandar a otra para sus objetivos de consumo. Llamamos a este concepto inequality as entitlements over labor, o la desigualdad como derechos sobre trabajo. Propongo medir los derechos sobre el trabajo calculando el grado en que los grupos de altos ingresos pueden permitirse comprar el trabajo de otros para el consumo personal. A diferencia de las medidas estándar de desigualdad, esta medida no es utilitarista, sino que tiene su base normativa en las relaciones de dominación, jerarquía y estatus social entre las personas. Calculo la medida en 140 países y muestro que las élites en los países más pobres superan o sobrepasan a sus contrapartes de los países ricos, disfrutando de ingresos reales más altos en términos de su capacidad para comandar el trabajo doméstico.</p>
<p><strong>Sobre el expositor</strong><br />
Es profesor titular en el área de Economía y Finanzas en el IAE Business School, Universidad Austral. Posee un DPhil y un MPhil en Economía, y un BA en Matemáticas y Filosofía, todos de la Universidad de Oxford. Es Profesor Visitante en el International Inequalities Institute de la London School of Economics e Investigador Afiliado en el Stone Center on Socio-Economic Inequality en Nueva York.</p>
<p>Sus investigaciones se centran en las economías emergentes y abarcan desigualdades globales y nacionales, pobreza, economía de los recursos naturales, y la historia y el desarrollo económico. Sus artículos han sido publicados en revistas como el Journal of Economic Literature, Economic History Review, Journal of Economic History, World Development, Socio-Economic Review, British Journal of Sociology, y Development and Change, entre otras. Además, ha escrito sobre economía para los periódicos FT.com y The Guardian.</p>
<p>Ha sido Investigador en la Universidad de Harvard y en el Oxford Institute for Energy Studies, Associate Profesor en King’s College London y Assistant Profesor en la Universidad de Sussex.</p>
<p>&nbsp;</p>
<p>Lugar | FCE-UBA | Aula a confirmar</p>
</div>

<p>Seminario de Investigación del IIEP La desigualdad como derechos sobre trabajo Expositor | Dr. Paul Segal | Profesor Titular, Departamento de Economía y Finanzas, IAE Business School, Universidad Austral Resumen</p>

<!-- This site is optimized with the Yoast SEO plugin v27.4 - https://yoast.com/product/yoast-seo-wordpress/ -->
<title>La desigualdad como derechos sobre trabajo - IIEP UBA-CONICET</title>
<meta name="robots" content="index, follow, max-snippet:-1, max-image-preview:large, max-video-preview:-1" />
<link rel="canonical" href="https://economicas.uba.ar/iiep/eventos/la-desigualdad-como-derechos-sobre-trabajo/" />
<meta property="og:locale" content="es_ES" />
<meta property="og:type" content="article" />
<meta property="og:title" content="La desigualdad como derechos sobre trabajo - IIEP UBA-CONICET" />
<meta property="og:description" content="Seminario de Investigación del IIEP La desigualdad como derechos sobre trabajo Expositor | Dr. Paul Segal | Profesor Titular, Departamento de Economía y Finanzas, IAE Business School, Universidad Austral Resumen" />
<meta property="og:url" content="https://economicas.uba.ar/iiep/eventos/la-desigualdad-como-derechos-sobre-trabajo/" />
<meta property="og:site_name" content="IIEP UBA-CONICET" />
<meta property="og:image" content="https://economicas.uba.ar/iiep/wp-content/uploads/iiep-ico.jpg" />
	<meta property="og:image:width" content="300" />
	<meta property="og:image:height" content="300" />
	<meta property="og:image:type" content="image/jpeg" />
<meta name="twitter:card" content="summary_large_image" />
<meta name="twitter:label1" content="Tiempo de lectura" />
	<meta name="twitter:data1" content="2 minutos" />
<script type="application/ld+json" class="yoast-schema-graph">{"@context":"https:\/\/schema.org","@graph":[{"@type":"WebPage","@id":"https:\/\/economicas.uba.ar\/iiep\/eventos\/la-desigualdad-como-derechos-sobre-trabajo\/","url":"https:\/\/economicas.uba.ar\/iiep\/eventos\/la-desigualdad-como-derechos-sobre-trabajo\/","name":"La desigualdad como derechos sobre trabajo - IIEP UBA-CONICET","isPartOf":{"@id":"https:\/\/economicas.uba.ar\/iiep\/#website"},"datePublished":"2025-08-01T12:59:17+00:00","breadcrumb":{"@id":"https:\/\/economicas.uba.ar\/iiep\/eventos\/la-desigualdad-como-derechos-sobre-trabajo\/#breadcrumb"},"inLanguage":"es-AR","potentialAction":[{"@type":"ReadAction","target":["https:\/\/economicas.uba.ar\/iiep\/eventos\/la-desigualdad-como-derechos-sobre-trabajo\/"]}]},{"@type":"BreadcrumbList","@id":"https:\/\/economicas.uba.ar\/iiep\/eventos\/la-desigualdad-como-derechos-sobre-trabajo\/#breadcrumb","itemListElement":[{"@type":"ListItem","position":1,"name":"Inicio","item":"https:\/\/economicas.uba.ar\/iiep\/"},{"@type":"ListItem","position":2,"name":"Eventos","item":"https:\/\/economicas.uba.ar\/iiep\/eventos\/"},{"@type":"ListItem","position":3,"name":"La desigualdad como derechos sobre trabajo"}]},{"@type":"WebSite","@id":"https:\/\/economicas.uba.ar\/iiep\/#website","url":"https:\/\/economicas.uba.ar\/iiep\/","name":"IIEP","description":"IIEP UBA-CONICET","publisher":{"@id":"https:\/\/economicas.uba.ar\/iiep\/#organization"},"potentialAction":[{"@type":"SearchAction","target":{"@type":"EntryPoint","urlTemplate":"https:\/\/economicas.uba.ar\/iiep\/?s={search_term_string}"},"query-input":{"@type":"PropertyValueSpecification","valueRequired":true,"valueName":"search_term_string"}}],"inLanguage":"es-AR"},{"@type":"Organization","@id":"https:\/\/economicas.uba.ar\/iiep\/#organization","name":"IIEP","url":"https:\/\/economicas.uba.ar\/iiep\/","logo":{"@type":"ImageObject","inLanguage":"es-AR","@id":"https:\/\/economicas.uba.ar\/iiep\/#\/schema\/logo\/image\/","url":"https:\/\/economicas.uba.ar\/iiep\/wp-content\/uploads\/logo_iiep_light.svg","contentUrl":"https:\/\/economicas.uba.ar\/iiep\/wp-content\/uploads\/logo_iiep_light.svg","caption":"IIEP"},"image":{"@id":"https:\/\/economicas.uba.ar\/iiep\/#\/schema\/logo\/image\/"}}]}</script>
<!-- / Yoast SEO plugin. -->

Seminario de Investigación del IIEP La desigualdad como derechos sobre trabajo Expositor | Dr. Paul Segal | Profesor Titular, Departamento de Economía y Finanzas, IAE Business School, Universidad Austral Resumen
