{"id":22677,"date":"2026-04-06T09:47:14","date_gmt":"2026-04-06T12:47:14","guid":{"rendered":"https:\/\/economicas.uba.ar\/iiep\/?post_type=tribe_events&#038;p=22677"},"modified":"2026-04-08T17:00:35","modified_gmt":"2026-04-08T20:00:35","slug":"la-politica-fiscal-en-la-argentina-actual-coyuntura-tensiones-y-perspectivas","status":"publish","type":"tribe_events","link":"https:\/\/economicas.uba.ar\/iiep\/eventos\/la-politica-fiscal-en-la-argentina-actual-coyuntura-tensiones-y-perspectivas\/","title":{"rendered":"La pol\u00edtica fiscal en la Argentina actual: coyuntura, tensiones y perspectivas"},"content":{"rendered":"<p><b>Seminario AFISPOP<br \/>\n<\/b>El equipo de AFISPOP abordar\u00e1 la coyuntura fiscal argentina a partir de un an\u00e1lisis de la evoluci\u00f3n reciente de las cuentas p\u00fablicas, las principales medidas de pol\u00edtica fiscal (con especial referencia a los sectores trabajados en el \u00e1rea) y los desaf\u00edos que plantea el contexto econ\u00f3mico actual.<br \/>\nA lo largo del encuentro se presentar\u00e1n elementos para interpretar la din\u00e1mica de los ingresos, el gasto y el resultado fiscal, as\u00ed como las perspectivas de corto plazo y los interrogantes que se abren en torno a la sostenibilidad, la orientaci\u00f3n de la pol\u00edtica fiscal y sus efectos econ\u00f3micos y sociales en el contexto de incertidumbre vigente.<\/p>\n<p>Lugar | FCE-UBA | Aula Olivera<\/p>\n<p><b>H\u00edbrido Teams <a href=\"https:\/\/teams.microsoft.com\/meet\/2289271457835?p=vYg2vIHhbIQI7hKxQf\">https:\/\/teams.microsoft.com\/meet\/2289271457835?p=vYg2vIHhbIQI7hKxQf<\/a><\/b><\/p>\n","protected":false},"excerpt":{"rendered":"<p>Seminario AFISPOP El equipo de AFISPOP abordar\u00e1 la coyuntura fiscal argentina a partir de un an\u00e1lisis de la evoluci\u00f3n reciente de las cuentas p\u00fablicas, las principales medidas de pol\u00edtica fiscal<\/p>\n","protected":false},"author":9,"featured_media":0,"template":"","meta":{"_tribe_events_status":"","_tribe_events_status_reason":"","footnotes":""},"tags":[],"tribe_events_cat":[86,224],"class_list":["post-22677","tribe_events","type-tribe_events","status-publish","hentry","tribe_events_cat-seminario-afispop","tribe_events_cat-destacada","cat_seminario-afispop","cat_destacada"],"yoast_head":"<!-- This site is optimized with the Yoast SEO plugin v27.5 - https:\/\/yoast.com\/product\/yoast-seo-wordpress\/ -->\n<title>La pol\u00edtica fiscal en la Argentina actual: coyuntura, tensiones y perspectivas - IIEP UBA-CONICET<\/title>\n<meta name=\"robots\" content=\"index, follow, max-snippet:-1, max-image-preview:large, max-video-preview:-1\" \/>\n<link rel=\"canonical\" href=\"https:\/\/economicas.uba.ar\/iiep\/eventos\/la-politica-fiscal-en-la-argentina-actual-coyuntura-tensiones-y-perspectivas\/\" \/>\n<meta property=\"og:locale\" content=\"es_ES\" \/>\n<meta property=\"og:type\" content=\"article\" \/>\n<meta property=\"og:title\" content=\"La pol\u00edtica fiscal en la Argentina actual: coyuntura, tensiones y perspectivas - IIEP UBA-CONICET\" \/>\n<meta property=\"og:description\" content=\"Seminario AFISPOP El equipo de AFISPOP abordar\u00e1 la coyuntura fiscal argentina a partir de un an\u00e1lisis de la evoluci\u00f3n reciente de las cuentas p\u00fablicas, las principales medidas de pol\u00edtica fiscal\" \/>\n<meta property=\"og:url\" content=\"https:\/\/economicas.uba.ar\/iiep\/eventos\/la-politica-fiscal-en-la-argentina-actual-coyuntura-tensiones-y-perspectivas\/\" \/>\n<meta property=\"og:site_name\" content=\"IIEP UBA-CONICET\" \/>\n<meta property=\"article:modified_time\" content=\"2026-04-08T20:00:35+00:00\" \/>\n<meta property=\"og:image\" content=\"https:\/\/economicas.uba.ar\/iiep\/wp-content\/uploads\/iiep-ico.jpg\" \/>\n\t<meta property=\"og:image:width\" content=\"300\" \/>\n\t<meta property=\"og:image:height\" content=\"300\" \/>\n\t<meta property=\"og:image:type\" content=\"image\/jpeg\" \/>\n<meta name=\"twitter:card\" content=\"summary_large_image\" \/>\n<meta name=\"twitter:label1\" content=\"Tiempo de lectura\" \/>\n\t<meta name=\"twitter:data1\" content=\"1 minuto\" \/>\n<script type=\"application\/ld+json\" class=\"yoast-schema-graph\">{\"@context\":\"https:\\\/\\\/schema.org\",\"@graph\":[{\"@type\":\"WebPage\",\"@id\":\"https:\\\/\\\/economicas.uba.ar\\\/iiep\\\/eventos\\\/la-politica-fiscal-en-la-argentina-actual-coyuntura-tensiones-y-perspectivas\\\/\",\"url\":\"https:\\\/\\\/economicas.uba.ar\\\/iiep\\\/eventos\\\/la-politica-fiscal-en-la-argentina-actual-coyuntura-tensiones-y-perspectivas\\\/\",\"name\":\"La pol\u00edtica fiscal en la Argentina actual: coyuntura, tensiones y perspectivas - IIEP UBA-CONICET\",\"isPartOf\":{\"@id\":\"https:\\\/\\\/economicas.uba.ar\\\/iiep\\\/#website\"},\"datePublished\":\"2026-04-06T12:47:14+00:00\",\"dateModified\":\"2026-04-08T20:00:35+00:00\",\"breadcrumb\":{\"@id\":\"https:\\\/\\\/economicas.uba.ar\\\/iiep\\\/eventos\\\/la-politica-fiscal-en-la-argentina-actual-coyuntura-tensiones-y-perspectivas\\\/#breadcrumb\"},\"inLanguage\":\"es-AR\",\"potentialAction\":[{\"@type\":\"ReadAction\",\"target\":[\"https:\\\/\\\/economicas.uba.ar\\\/iiep\\\/eventos\\\/la-politica-fiscal-en-la-argentina-actual-coyuntura-tensiones-y-perspectivas\\\/\"]}]},{\"@type\":\"BreadcrumbList\",\"@id\":\"https:\\\/\\\/economicas.uba.ar\\\/iiep\\\/eventos\\\/la-politica-fiscal-en-la-argentina-actual-coyuntura-tensiones-y-perspectivas\\\/#breadcrumb\",\"itemListElement\":[{\"@type\":\"ListItem\",\"position\":1,\"name\":\"Inicio\",\"item\":\"https:\\\/\\\/economicas.uba.ar\\\/iiep\\\/\"},{\"@type\":\"ListItem\",\"position\":2,\"name\":\"Eventos\",\"item\":\"https:\\\/\\\/economicas.uba.ar\\\/iiep\\\/eventos\\\/\"},{\"@type\":\"ListItem\",\"position\":3,\"name\":\"La pol\u00edtica fiscal en la Argentina actual: coyuntura, tensiones y perspectivas\"}]},{\"@type\":\"WebSite\",\"@id\":\"https:\\\/\\\/economicas.uba.ar\\\/iiep\\\/#website\",\"url\":\"https:\\\/\\\/economicas.uba.ar\\\/iiep\\\/\",\"name\":\"IIEP\",\"description\":\"IIEP UBA-CONICET\",\"publisher\":{\"@id\":\"https:\\\/\\\/economicas.uba.ar\\\/iiep\\\/#organization\"},\"potentialAction\":[{\"@type\":\"SearchAction\",\"target\":{\"@type\":\"EntryPoint\",\"urlTemplate\":\"https:\\\/\\\/economicas.uba.ar\\\/iiep\\\/?s={search_term_string}\"},\"query-input\":{\"@type\":\"PropertyValueSpecification\",\"valueRequired\":true,\"valueName\":\"search_term_string\"}}],\"inLanguage\":\"es-AR\"},{\"@type\":\"Organization\",\"@id\":\"https:\\\/\\\/economicas.uba.ar\\\/iiep\\\/#organization\",\"name\":\"IIEP\",\"url\":\"https:\\\/\\\/economicas.uba.ar\\\/iiep\\\/\",\"logo\":{\"@type\":\"ImageObject\",\"inLanguage\":\"es-AR\",\"@id\":\"https:\\\/\\\/economicas.uba.ar\\\/iiep\\\/#\\\/schema\\\/logo\\\/image\\\/\",\"url\":\"https:\\\/\\\/economicas.uba.ar\\\/iiep\\\/wp-content\\\/uploads\\\/logo_iiep_light.svg\",\"contentUrl\":\"https:\\\/\\\/economicas.uba.ar\\\/iiep\\\/wp-content\\\/uploads\\\/logo_iiep_light.svg\",\"caption\":\"IIEP\"},\"image\":{\"@id\":\"https:\\\/\\\/economicas.uba.ar\\\/iiep\\\/#\\\/schema\\\/logo\\\/image\\\/\"}}]}<\/script>\n<!-- \/ Yoast SEO plugin. -->","yoast_head_json":{"title":"La pol\u00edtica fiscal en la Argentina actual: coyuntura, tensiones y perspectivas - IIEP UBA-CONICET","robots":{"index":"index","follow":"follow","max-snippet":"max-snippet:-1","max-image-preview":"max-image-preview:large","max-video-preview":"max-video-preview:-1"},"canonical":"https:\/\/economicas.uba.ar\/iiep\/eventos\/la-politica-fiscal-en-la-argentina-actual-coyuntura-tensiones-y-perspectivas\/","og_locale":"es_ES","og_type":"article","og_title":"La pol\u00edtica fiscal en la Argentina actual: coyuntura, tensiones y perspectivas - IIEP UBA-CONICET","og_description":"Seminario AFISPOP El equipo de AFISPOP abordar\u00e1 la coyuntura fiscal argentina a partir de un an\u00e1lisis de la evoluci\u00f3n reciente de las cuentas p\u00fablicas, las principales medidas de pol\u00edtica fiscal","og_url":"https:\/\/economicas.uba.ar\/iiep\/eventos\/la-politica-fiscal-en-la-argentina-actual-coyuntura-tensiones-y-perspectivas\/","og_site_name":"IIEP UBA-CONICET","article_modified_time":"2026-04-08T20:00:35+00:00","og_image":[{"width":300,"height":300,"url":"https:\/\/economicas.uba.ar\/iiep\/wp-content\/uploads\/iiep-ico.jpg","type":"image\/jpeg"}],"twitter_card":"summary_large_image","twitter_misc":{"Tiempo de lectura":"1 minuto"},"schema":{"@context":"https:\/\/schema.org","@graph":[{"@type":"WebPage","@id":"https:\/\/economicas.uba.ar\/iiep\/eventos\/la-politica-fiscal-en-la-argentina-actual-coyuntura-tensiones-y-perspectivas\/","url":"https:\/\/economicas.uba.ar\/iiep\/eventos\/la-politica-fiscal-en-la-argentina-actual-coyuntura-tensiones-y-perspectivas\/","name":"La pol\u00edtica fiscal en la Argentina actual: coyuntura, tensiones y perspectivas - IIEP UBA-CONICET","isPartOf":{"@id":"https:\/\/economicas.uba.ar\/iiep\/#website"},"datePublished":"2026-04-06T12:47:14+00:00","dateModified":"2026-04-08T20:00:35+00:00","breadcrumb":{"@id":"https:\/\/economicas.uba.ar\/iiep\/eventos\/la-politica-fiscal-en-la-argentina-actual-coyuntura-tensiones-y-perspectivas\/#breadcrumb"},"inLanguage":"es-AR","potentialAction":[{"@type":"ReadAction","target":["https:\/\/economicas.uba.ar\/iiep\/eventos\/la-politica-fiscal-en-la-argentina-actual-coyuntura-tensiones-y-perspectivas\/"]}]},{"@type":"BreadcrumbList","@id":"https:\/\/economicas.uba.ar\/iiep\/eventos\/la-politica-fiscal-en-la-argentina-actual-coyuntura-tensiones-y-perspectivas\/#breadcrumb","itemListElement":[{"@type":"ListItem","position":1,"name":"Inicio","item":"https:\/\/economicas.uba.ar\/iiep\/"},{"@type":"ListItem","position":2,"name":"Eventos","item":"https:\/\/economicas.uba.ar\/iiep\/eventos\/"},{"@type":"ListItem","position":3,"name":"La pol\u00edtica fiscal en la Argentina actual: coyuntura, tensiones y perspectivas"}]},{"@type":"WebSite","@id":"https:\/\/economicas.uba.ar\/iiep\/#website","url":"https:\/\/economicas.uba.ar\/iiep\/","name":"IIEP","description":"IIEP UBA-CONICET","publisher":{"@id":"https:\/\/economicas.uba.ar\/iiep\/#organization"},"potentialAction":[{"@type":"SearchAction","target":{"@type":"EntryPoint","urlTemplate":"https:\/\/economicas.uba.ar\/iiep\/?s={search_term_string}"},"query-input":{"@type":"PropertyValueSpecification","valueRequired":true,"valueName":"search_term_string"}}],"inLanguage":"es-AR"},{"@type":"Organization","@id":"https:\/\/economicas.uba.ar\/iiep\/#organization","name":"IIEP","url":"https:\/\/economicas.uba.ar\/iiep\/","logo":{"@type":"ImageObject","inLanguage":"es-AR","@id":"https:\/\/economicas.uba.ar\/iiep\/#\/schema\/logo\/image\/","url":"https:\/\/economicas.uba.ar\/iiep\/wp-content\/uploads\/logo_iiep_light.svg","contentUrl":"https:\/\/economicas.uba.ar\/iiep\/wp-content\/uploads\/logo_iiep_light.svg","caption":"IIEP"},"image":{"@id":"https:\/\/economicas.uba.ar\/iiep\/#\/schema\/logo\/image\/"}}]}},"_links":{"self":[{"href":"https:\/\/economicas.uba.ar\/iiep\/wp-json\/wp\/v2\/tribe_events\/22677","targetHints":{"allow":["GET"]}}],"collection":[{"href":"https:\/\/economicas.uba.ar\/iiep\/wp-json\/wp\/v2\/tribe_events"}],"about":[{"href":"https:\/\/economicas.uba.ar\/iiep\/wp-json\/wp\/v2\/types\/tribe_events"}],"author":[{"embeddable":true,"href":"https:\/\/economicas.uba.ar\/iiep\/wp-json\/wp\/v2\/users\/9"}],"version-history":[{"count":3,"href":"https:\/\/economicas.uba.ar\/iiep\/wp-json\/wp\/v2\/tribe_events\/22677\/revisions"}],"predecessor-version":[{"id":22734,"href":"https:\/\/economicas.uba.ar\/iiep\/wp-json\/wp\/v2\/tribe_events\/22677\/revisions\/22734"}],"wp:attachment":[{"href":"https:\/\/economicas.uba.ar\/iiep\/wp-json\/wp\/v2\/media?parent=22677"}],"wp:term":[{"taxonomy":"post_tag","embeddable":true,"href":"https:\/\/economicas.uba.ar\/iiep\/wp-json\/wp\/v2\/tags?post=22677"},{"taxonomy":"tribe_events_cat","embeddable":true,"href":"https:\/\/economicas.uba.ar\/iiep\/wp-json\/wp\/v2\/tribe_events_cat?post=22677"}],"curies":[{"name":"wp","href":"https:\/\/api.w.org\/{rel}","templated":true}]}}

La política fiscal en la Argentina actual: coyuntura, tensiones y perspectivas

<p><b>Seminario AFISPOP<br />
</b>El equipo de AFISPOP abordará la coyuntura fiscal argentina a partir de un análisis de la evolución reciente de las cuentas públicas, las principales medidas de política fiscal (con especial referencia a los sectores trabajados en el área) y los desafíos que plantea el contexto económico actual.<br />
A lo largo del encuentro se presentarán elementos para interpretar la dinámica de los ingresos, el gasto y el resultado fiscal, así como las perspectivas de corto plazo y los interrogantes que se abren en torno a la sostenibilidad, la orientación de la política fiscal y sus efectos económicos y sociales en el contexto de incertidumbre vigente.</p>
<p>Lugar | FCE-UBA | Aula Olivera</p>
<p><b>Híbrido Teams <a href="https://teams.microsoft.com/meet/2289271457835?p=vYg2vIHhbIQI7hKxQf">https://teams.microsoft.com/meet/2289271457835?p=vYg2vIHhbIQI7hKxQf</a></b></p>

<p>Seminario AFISPOP El equipo de AFISPOP abordará la coyuntura fiscal argentina a partir de un análisis de la evolución reciente de las cuentas públicas, las principales medidas de política fiscal</p>

<!-- This site is optimized with the Yoast SEO plugin v27.5 - https://yoast.com/product/yoast-seo-wordpress/ -->
<title>La política fiscal en la Argentina actual: coyuntura, tensiones y perspectivas - IIEP UBA-CONICET</title>
<meta name="robots" content="index, follow, max-snippet:-1, max-image-preview:large, max-video-preview:-1" />
<link rel="canonical" href="https://economicas.uba.ar/iiep/eventos/la-politica-fiscal-en-la-argentina-actual-coyuntura-tensiones-y-perspectivas/" />
<meta property="og:locale" content="es_ES" />
<meta property="og:type" content="article" />
<meta property="og:title" content="La política fiscal en la Argentina actual: coyuntura, tensiones y perspectivas - IIEP UBA-CONICET" />
<meta property="og:description" content="Seminario AFISPOP El equipo de AFISPOP abordará la coyuntura fiscal argentina a partir de un análisis de la evolución reciente de las cuentas públicas, las principales medidas de política fiscal" />
<meta property="og:url" content="https://economicas.uba.ar/iiep/eventos/la-politica-fiscal-en-la-argentina-actual-coyuntura-tensiones-y-perspectivas/" />
<meta property="og:site_name" content="IIEP UBA-CONICET" />
<meta property="article:modified_time" content="2026-04-08T20:00:35+00:00" />
<meta property="og:image" content="https://economicas.uba.ar/iiep/wp-content/uploads/iiep-ico.jpg" />
	<meta property="og:image:width" content="300" />
	<meta property="og:image:height" content="300" />
	<meta property="og:image:type" content="image/jpeg" />
<meta name="twitter:card" content="summary_large_image" />
<meta name="twitter:label1" content="Tiempo de lectura" />
	<meta name="twitter:data1" content="1 minuto" />
<script type="application/ld+json" class="yoast-schema-graph">{"@context":"https:\/\/schema.org","@graph":[{"@type":"WebPage","@id":"https:\/\/economicas.uba.ar\/iiep\/eventos\/la-politica-fiscal-en-la-argentina-actual-coyuntura-tensiones-y-perspectivas\/","url":"https:\/\/economicas.uba.ar\/iiep\/eventos\/la-politica-fiscal-en-la-argentina-actual-coyuntura-tensiones-y-perspectivas\/","name":"La política fiscal en la Argentina actual: coyuntura, tensiones y perspectivas - IIEP UBA-CONICET","isPartOf":{"@id":"https:\/\/economicas.uba.ar\/iiep\/#website"},"datePublished":"2026-04-06T12:47:14+00:00","dateModified":"2026-04-08T20:00:35+00:00","breadcrumb":{"@id":"https:\/\/economicas.uba.ar\/iiep\/eventos\/la-politica-fiscal-en-la-argentina-actual-coyuntura-tensiones-y-perspectivas\/#breadcrumb"},"inLanguage":"es-AR","potentialAction":[{"@type":"ReadAction","target":["https:\/\/economicas.uba.ar\/iiep\/eventos\/la-politica-fiscal-en-la-argentina-actual-coyuntura-tensiones-y-perspectivas\/"]}]},{"@type":"BreadcrumbList","@id":"https:\/\/economicas.uba.ar\/iiep\/eventos\/la-politica-fiscal-en-la-argentina-actual-coyuntura-tensiones-y-perspectivas\/#breadcrumb","itemListElement":[{"@type":"ListItem","position":1,"name":"Inicio","item":"https:\/\/economicas.uba.ar\/iiep\/"},{"@type":"ListItem","position":2,"name":"Eventos","item":"https:\/\/economicas.uba.ar\/iiep\/eventos\/"},{"@type":"ListItem","position":3,"name":"La política fiscal en la Argentina actual: coyuntura, tensiones y perspectivas"}]},{"@type":"WebSite","@id":"https:\/\/economicas.uba.ar\/iiep\/#website","url":"https:\/\/economicas.uba.ar\/iiep\/","name":"IIEP","description":"IIEP UBA-CONICET","publisher":{"@id":"https:\/\/economicas.uba.ar\/iiep\/#organization"},"potentialAction":[{"@type":"SearchAction","target":{"@type":"EntryPoint","urlTemplate":"https:\/\/economicas.uba.ar\/iiep\/?s={search_term_string}"},"query-input":{"@type":"PropertyValueSpecification","valueRequired":true,"valueName":"search_term_string"}}],"inLanguage":"es-AR"},{"@type":"Organization","@id":"https:\/\/economicas.uba.ar\/iiep\/#organization","name":"IIEP","url":"https:\/\/economicas.uba.ar\/iiep\/","logo":{"@type":"ImageObject","inLanguage":"es-AR","@id":"https:\/\/economicas.uba.ar\/iiep\/#\/schema\/logo\/image\/","url":"https:\/\/economicas.uba.ar\/iiep\/wp-content\/uploads\/logo_iiep_light.svg","contentUrl":"https:\/\/economicas.uba.ar\/iiep\/wp-content\/uploads\/logo_iiep_light.svg","caption":"IIEP"},"image":{"@id":"https:\/\/economicas.uba.ar\/iiep\/#\/schema\/logo\/image\/"}}]}</script>
<!-- / Yoast SEO plugin. -->

La política fiscal en la Argentina actual: coyuntura, tensiones y perspectivas - IIEP UBA-CONICET

Seminario AFISPOP El equipo de AFISPOP abordará la coyuntura fiscal argentina a partir de un análisis de la evolución reciente de las cuentas públicas, las principales medidas de política fiscal
