{"id":24730,"date":"2026-08-11T09:48:55","date_gmt":"2026-08-11T12:48:55","guid":{"rendered":"https:\/\/economicas.uba.ar\/iiep\/?post_type=tribe_events&#038;p=24730"},"modified":"2026-08-11T09:50:08","modified_gmt":"2026-08-11T12:50:08","slug":"samregc-sensitivity-analysis-of-main-regression-coefficients","status":"publish","type":"tribe_events","link":"https:\/\/economicas.uba.ar\/iiep\/eventos\/samregc-sensitivity-analysis-of-main-regression-coefficients\/","title":{"rendered":"Seminario de investigaci\u00f3n del IIEP | Samregc: Sensitivity Analysis of Main Regression Coefficients"},"content":{"rendered":"<p>Seminario de investigaci\u00f3n del IIEP<br \/>\nExpositor <strong>Pablo Gluzmann<\/strong> | CEDLAS-IIE-FCE-UNLP y CONICET<\/p>\n<p>&nbsp;<\/p>\n<p><strong>Resumen<\/strong><\/p>\n<p>Presentamos samregc, un nuevo comando de Stata que eval\u00faa c\u00f3mo responden los coeficientes de las variables de inter\u00e9s (y su significatividad estad\u00edstica) ante conjuntos alternativos de variables de control, es decir, la dimensi\u00f3n de variables de control del multiverso de especificaciones. Basado en la tradici\u00f3n de las regresiones de todos los subconjuntos (all-subsets regression), el comando estima una regresi\u00f3n para cada combinaci\u00f3n de un conjunto de controles candidatos (ya sea considerando todos los subconjuntos posibles o aquellos restringidos por el usuario) y resume la distribuci\u00f3n resultante de los coeficientes de las variables de inter\u00e9s y de sus pruebas de significatividad. El comando es pr\u00e1cticamente agn\u00f3stico respecto del estimador, ya que admite cualquier comando de ecuaci\u00f3n \u00fanica que siga la sintaxis est\u00e1ndar cmd depvar indepvars, incluidos estimadores lineales, de datos de panel, para variables dependientes binarias y estimadores en dos etapas, como ivregress y heckman. Sus opciones para gestionar el espacio combinatorio (controles incluidos en todas las especificaciones, restricciones sobre el tama\u00f1o de los subconjuntos y combinaciones basadas en grupos) permiten mantener tratables los problemas de alta dimensionalidad, mientras que una implementaci\u00f3n optimizada proporciona reducciones sustanciales en los tiempos de ejecuci\u00f3n respecto de paquetes comparables como checkrob, eba y multivrs. Adicionalmente, se incorpora una descomposici\u00f3n novedosa que permite separar los efectos de muestra (originados por la presencia heterog\u00e9nea de valores faltantes entre covariables) de los efectos de variable omitida y multicolinealidad inducidos por la incorporaci\u00f3n de controles.<\/p>\n<p>Sobre el expositor<\/p>\n<p>Pablo Gluzmann es Licenciado, Mag\u00edster y Doctor en Econom\u00eda por la Universidad Nacional de La Plata (UNLP). Es investigador del Centro de Estudios Distributivos, Laborales y Sociales (CEDLAS) y del Consejo Nacional de Investigaciones Cient\u00edficas y T\u00e9cnicas (CONICET), y dicta clases de Estructura Social Argentina en la Facultad de Ciencias Econ\u00f3micas de la UNLP.<br \/>\nSu trabajo se desarrolla principalmente en el campo de la econom\u00eda aplicada, con contribuciones en temas de desigualdad, pobreza, mercados laborales, m\u00e9todos y algoritmos computacionales, macroeconom\u00eda, deuda p\u00fablica y finanzas internacionales.<\/p>\n<p>Sus investigaciones han sido publicadas en revistas cient\u00edficas nacionales e internacionales, entre ellas Desarrollo Econ\u00f3mico, Econ\u00f3mica, Ensayos Econ\u00f3micos, Economics Letters, El Trimestre Econ\u00f3mico, Journal of Development Economics, Journal of Income Distribution, Journal of International Financial Markets, Institutions and Money, Journal for Labour Market Research, Journal of the Center for Puerto Rican Studies, Latin American Economic Review, Review of Development Economics, Revista Brasileira de Estudos de Popula\u00e7\u00e3o, The Stata Journal y World Development. Tambi\u00e9n ha publicado cap\u00edtulos de libros y documentos de trabajo en series de CAF, CEDLAS, IZA, PNUD y el Banco Mundial.<\/p>\n<p>Lugar | FCE-UBA | Aula Olivera<\/p>\n","protected":false},"excerpt":{"rendered":"<p>Seminario de investigaci\u00f3n del IIEP Expositor Pablo Gluzmann | CEDLAS-IIE-FCE-UNLP y CONICET &nbsp; Resumen Presentamos samregc, un nuevo comando de Stata que eval\u00faa c\u00f3mo responden los coeficientes de las variables<\/p>\n","protected":false},"author":9,"featured_media":0,"template":"","meta":{"_tribe_events_status":"","_tribe_events_status_reason":"","footnotes":""},"tags":[],"tribe_events_cat":[224,74],"class_list":["post-24730","tribe_events","type-tribe_events","status-publish","hentry","tribe_events_cat-destacada","tribe_events_cat-seminario-iiep","cat_destacada","cat_seminario-iiep"],"yoast_head":"<!-- This site is optimized with the Yoast SEO plugin v28.4 - https:\/\/yoast.com\/product\/yoast-seo-wordpress\/ -->\n<title>Seminario de investigaci\u00f3n del IIEP | Samregc: Sensitivity Analysis of Main Regression Coefficients - IIEP UBA-CONICET<\/title>\n<meta name=\"robots\" content=\"index, follow, max-snippet:-1, max-image-preview:large, max-video-preview:-1\" \/>\n<link rel=\"canonical\" href=\"https:\/\/economicas.uba.ar\/iiep\/eventos\/samregc-sensitivity-analysis-of-main-regression-coefficients\/\" \/>\n<meta property=\"og:locale\" content=\"es_ES\" \/>\n<meta property=\"og:type\" content=\"article\" \/>\n<meta property=\"og:title\" content=\"Seminario de investigaci\u00f3n del IIEP | Samregc: Sensitivity Analysis of Main Regression Coefficients - IIEP UBA-CONICET\" \/>\n<meta property=\"og:description\" content=\"Seminario de investigaci\u00f3n del IIEP Expositor Pablo Gluzmann | CEDLAS-IIE-FCE-UNLP y CONICET &nbsp; Resumen Presentamos samregc, un nuevo comando de Stata que eval\u00faa c\u00f3mo responden los coeficientes de las variables\" \/>\n<meta property=\"og:url\" content=\"https:\/\/economicas.uba.ar\/iiep\/eventos\/samregc-sensitivity-analysis-of-main-regression-coefficients\/\" \/>\n<meta property=\"og:site_name\" content=\"IIEP UBA-CONICET\" \/>\n<meta property=\"article:modified_time\" content=\"2026-08-11T12:50:08+00:00\" \/>\n<meta property=\"og:image\" content=\"https:\/\/economicas.uba.ar\/iiep\/wp-content\/uploads\/iiep-ico.jpg\" \/>\n\t<meta property=\"og:image:width\" content=\"300\" \/>\n\t<meta property=\"og:image:height\" content=\"300\" \/>\n\t<meta property=\"og:image:type\" content=\"image\/jpeg\" \/>\n<meta name=\"twitter:card\" content=\"summary_large_image\" \/>\n<meta name=\"twitter:label1\" content=\"Tiempo de lectura\" \/>\n\t<meta name=\"twitter:data1\" content=\"2 minutos\" \/>\n<script type=\"application\/ld+json\" class=\"yoast-schema-graph\">{\"@context\":\"https:\\\/\\\/schema.org\",\"@graph\":[{\"@type\":\"WebPage\",\"@id\":\"https:\\\/\\\/economicas.uba.ar\\\/iiep\\\/eventos\\\/samregc-sensitivity-analysis-of-main-regression-coefficients\\\/\",\"url\":\"https:\\\/\\\/economicas.uba.ar\\\/iiep\\\/eventos\\\/samregc-sensitivity-analysis-of-main-regression-coefficients\\\/\",\"name\":\"Seminario de investigaci\u00f3n del IIEP | Samregc: Sensitivity Analysis of Main Regression Coefficients - IIEP UBA-CONICET\",\"isPartOf\":{\"@id\":\"https:\\\/\\\/economicas.uba.ar\\\/iiep\\\/#website\"},\"datePublished\":\"2026-08-11T12:48:55+00:00\",\"dateModified\":\"2026-08-11T12:50:08+00:00\",\"breadcrumb\":{\"@id\":\"https:\\\/\\\/economicas.uba.ar\\\/iiep\\\/eventos\\\/samregc-sensitivity-analysis-of-main-regression-coefficients\\\/#breadcrumb\"},\"inLanguage\":\"es-AR\",\"potentialAction\":[{\"@type\":\"ReadAction\",\"target\":[\"https:\\\/\\\/economicas.uba.ar\\\/iiep\\\/eventos\\\/samregc-sensitivity-analysis-of-main-regression-coefficients\\\/\"]}]},{\"@type\":\"BreadcrumbList\",\"@id\":\"https:\\\/\\\/economicas.uba.ar\\\/iiep\\\/eventos\\\/samregc-sensitivity-analysis-of-main-regression-coefficients\\\/#breadcrumb\",\"itemListElement\":[{\"@type\":\"ListItem\",\"position\":1,\"name\":\"Inicio\",\"item\":\"https:\\\/\\\/economicas.uba.ar\\\/iiep\\\/\"},{\"@type\":\"ListItem\",\"position\":2,\"name\":\"Eventos\",\"item\":\"https:\\\/\\\/economicas.uba.ar\\\/iiep\\\/eventos\\\/\"},{\"@type\":\"ListItem\",\"position\":3,\"name\":\"Seminario de investigaci\u00f3n del IIEP | Samregc: Sensitivity Analysis of Main Regression Coefficients\"}]},{\"@type\":\"WebSite\",\"@id\":\"https:\\\/\\\/economicas.uba.ar\\\/iiep\\\/#website\",\"url\":\"https:\\\/\\\/economicas.uba.ar\\\/iiep\\\/\",\"name\":\"IIEP\",\"description\":\"IIEP UBA-CONICET\",\"publisher\":{\"@id\":\"https:\\\/\\\/economicas.uba.ar\\\/iiep\\\/#organization\"},\"potentialAction\":[{\"@type\":\"SearchAction\",\"target\":{\"@type\":\"EntryPoint\",\"urlTemplate\":\"https:\\\/\\\/economicas.uba.ar\\\/iiep\\\/?s={search_term_string}\"},\"query-input\":{\"@type\":\"PropertyValueSpecification\",\"valueRequired\":true,\"valueName\":\"search_term_string\"}}],\"inLanguage\":\"es-AR\"},{\"@type\":\"Organization\",\"@id\":\"https:\\\/\\\/economicas.uba.ar\\\/iiep\\\/#organization\",\"name\":\"IIEP\",\"url\":\"https:\\\/\\\/economicas.uba.ar\\\/iiep\\\/\",\"logo\":{\"@type\":\"ImageObject\",\"inLanguage\":\"es-AR\",\"@id\":\"https:\\\/\\\/economicas.uba.ar\\\/iiep\\\/#\\\/schema\\\/logo\\\/image\\\/\",\"url\":\"https:\\\/\\\/economicas.uba.ar\\\/iiep\\\/wp-content\\\/uploads\\\/logo_iiep_light.svg\",\"contentUrl\":\"https:\\\/\\\/economicas.uba.ar\\\/iiep\\\/wp-content\\\/uploads\\\/logo_iiep_light.svg\",\"caption\":\"IIEP\"},\"image\":{\"@id\":\"https:\\\/\\\/economicas.uba.ar\\\/iiep\\\/#\\\/schema\\\/logo\\\/image\\\/\"}}]}<\/script>\n<!-- \/ Yoast SEO plugin. -->","yoast_head_json":{"title":"Seminario de investigaci\u00f3n del IIEP | Samregc: Sensitivity Analysis of Main Regression Coefficients - IIEP UBA-CONICET","robots":{"index":"index","follow":"follow","max-snippet":"max-snippet:-1","max-image-preview":"max-image-preview:large","max-video-preview":"max-video-preview:-1"},"canonical":"https:\/\/economicas.uba.ar\/iiep\/eventos\/samregc-sensitivity-analysis-of-main-regression-coefficients\/","og_locale":"es_ES","og_type":"article","og_title":"Seminario de investigaci\u00f3n del IIEP | Samregc: Sensitivity Analysis of Main Regression Coefficients - IIEP UBA-CONICET","og_description":"Seminario de investigaci\u00f3n del IIEP Expositor Pablo Gluzmann | CEDLAS-IIE-FCE-UNLP y CONICET &nbsp; Resumen Presentamos samregc, un nuevo comando de Stata que eval\u00faa c\u00f3mo responden los coeficientes de las variables","og_url":"https:\/\/economicas.uba.ar\/iiep\/eventos\/samregc-sensitivity-analysis-of-main-regression-coefficients\/","og_site_name":"IIEP UBA-CONICET","article_modified_time":"2026-08-11T12:50:08+00:00","og_image":[{"width":300,"height":300,"url":"https:\/\/economicas.uba.ar\/iiep\/wp-content\/uploads\/iiep-ico.jpg","type":"image\/jpeg"}],"twitter_card":"summary_large_image","twitter_misc":{"Tiempo de lectura":"2 minutos"},"schema":{"@context":"https:\/\/schema.org","@graph":[{"@type":"WebPage","@id":"https:\/\/economicas.uba.ar\/iiep\/eventos\/samregc-sensitivity-analysis-of-main-regression-coefficients\/","url":"https:\/\/economicas.uba.ar\/iiep\/eventos\/samregc-sensitivity-analysis-of-main-regression-coefficients\/","name":"Seminario de investigaci\u00f3n del IIEP | Samregc: Sensitivity Analysis of Main Regression Coefficients - IIEP UBA-CONICET","isPartOf":{"@id":"https:\/\/economicas.uba.ar\/iiep\/#website"},"datePublished":"2026-08-11T12:48:55+00:00","dateModified":"2026-08-11T12:50:08+00:00","breadcrumb":{"@id":"https:\/\/economicas.uba.ar\/iiep\/eventos\/samregc-sensitivity-analysis-of-main-regression-coefficients\/#breadcrumb"},"inLanguage":"es-AR","potentialAction":[{"@type":"ReadAction","target":["https:\/\/economicas.uba.ar\/iiep\/eventos\/samregc-sensitivity-analysis-of-main-regression-coefficients\/"]}]},{"@type":"BreadcrumbList","@id":"https:\/\/economicas.uba.ar\/iiep\/eventos\/samregc-sensitivity-analysis-of-main-regression-coefficients\/#breadcrumb","itemListElement":[{"@type":"ListItem","position":1,"name":"Inicio","item":"https:\/\/economicas.uba.ar\/iiep\/"},{"@type":"ListItem","position":2,"name":"Eventos","item":"https:\/\/economicas.uba.ar\/iiep\/eventos\/"},{"@type":"ListItem","position":3,"name":"Seminario de investigaci\u00f3n del IIEP | Samregc: Sensitivity Analysis of Main Regression Coefficients"}]},{"@type":"WebSite","@id":"https:\/\/economicas.uba.ar\/iiep\/#website","url":"https:\/\/economicas.uba.ar\/iiep\/","name":"IIEP","description":"IIEP UBA-CONICET","publisher":{"@id":"https:\/\/economicas.uba.ar\/iiep\/#organization"},"potentialAction":[{"@type":"SearchAction","target":{"@type":"EntryPoint","urlTemplate":"https:\/\/economicas.uba.ar\/iiep\/?s={search_term_string}"},"query-input":{"@type":"PropertyValueSpecification","valueRequired":true,"valueName":"search_term_string"}}],"inLanguage":"es-AR"},{"@type":"Organization","@id":"https:\/\/economicas.uba.ar\/iiep\/#organization","name":"IIEP","url":"https:\/\/economicas.uba.ar\/iiep\/","logo":{"@type":"ImageObject","inLanguage":"es-AR","@id":"https:\/\/economicas.uba.ar\/iiep\/#\/schema\/logo\/image\/","url":"https:\/\/economicas.uba.ar\/iiep\/wp-content\/uploads\/logo_iiep_light.svg","contentUrl":"https:\/\/economicas.uba.ar\/iiep\/wp-content\/uploads\/logo_iiep_light.svg","caption":"IIEP"},"image":{"@id":"https:\/\/economicas.uba.ar\/iiep\/#\/schema\/logo\/image\/"}}]}},"_links":{"self":[{"href":"https:\/\/economicas.uba.ar\/iiep\/wp-json\/wp\/v2\/tribe_events\/24730","targetHints":{"allow":["GET"]}}],"collection":[{"href":"https:\/\/economicas.uba.ar\/iiep\/wp-json\/wp\/v2\/tribe_events"}],"about":[{"href":"https:\/\/economicas.uba.ar\/iiep\/wp-json\/wp\/v2\/types\/tribe_events"}],"author":[{"embeddable":true,"href":"https:\/\/economicas.uba.ar\/iiep\/wp-json\/wp\/v2\/users\/9"}],"version-history":[{"count":2,"href":"https:\/\/economicas.uba.ar\/iiep\/wp-json\/wp\/v2\/tribe_events\/24730\/revisions"}],"predecessor-version":[{"id":24732,"href":"https:\/\/economicas.uba.ar\/iiep\/wp-json\/wp\/v2\/tribe_events\/24730\/revisions\/24732"}],"wp:attachment":[{"href":"https:\/\/economicas.uba.ar\/iiep\/wp-json\/wp\/v2\/media?parent=24730"}],"wp:term":[{"taxonomy":"post_tag","embeddable":true,"href":"https:\/\/economicas.uba.ar\/iiep\/wp-json\/wp\/v2\/tags?post=24730"},{"taxonomy":"tribe_events_cat","embeddable":true,"href":"https:\/\/economicas.uba.ar\/iiep\/wp-json\/wp\/v2\/tribe_events_cat?post=24730"}],"curies":[{"name":"wp","href":"https:\/\/api.w.org\/{rel}","templated":true}]}}

Seminario de investigación del IIEP | Samregc: Sensitivity Analysis of Main Regression Coefficients

<p>Seminario de investigación del IIEP<br />
Expositor <strong>Pablo Gluzmann</strong> | CEDLAS-IIE-FCE-UNLP y CONICET</p>
<p>&nbsp;</p>
<p><strong>Resumen</strong></p>
<p>Presentamos samregc, un nuevo comando de Stata que evalúa cómo responden los coeficientes de las variables de interés (y su significatividad estadística) ante conjuntos alternativos de variables de control, es decir, la dimensión de variables de control del multiverso de especificaciones. Basado en la tradición de las regresiones de todos los subconjuntos (all-subsets regression), el comando estima una regresión para cada combinación de un conjunto de controles candidatos (ya sea considerando todos los subconjuntos posibles o aquellos restringidos por el usuario) y resume la distribución resultante de los coeficientes de las variables de interés y de sus pruebas de significatividad. El comando es prácticamente agnóstico respecto del estimador, ya que admite cualquier comando de ecuación única que siga la sintaxis estándar cmd depvar indepvars, incluidos estimadores lineales, de datos de panel, para variables dependientes binarias y estimadores en dos etapas, como ivregress y heckman. Sus opciones para gestionar el espacio combinatorio (controles incluidos en todas las especificaciones, restricciones sobre el tamaño de los subconjuntos y combinaciones basadas en grupos) permiten mantener tratables los problemas de alta dimensionalidad, mientras que una implementación optimizada proporciona reducciones sustanciales en los tiempos de ejecución respecto de paquetes comparables como checkrob, eba y multivrs. Adicionalmente, se incorpora una descomposición novedosa que permite separar los efectos de muestra (originados por la presencia heterogénea de valores faltantes entre covariables) de los efectos de variable omitida y multicolinealidad inducidos por la incorporación de controles.</p>
<p>Sobre el expositor</p>
<p>Pablo Gluzmann es Licenciado, Magíster y Doctor en Economía por la Universidad Nacional de La Plata (UNLP). Es investigador del Centro de Estudios Distributivos, Laborales y Sociales (CEDLAS) y del Consejo Nacional de Investigaciones Científicas y Técnicas (CONICET), y dicta clases de Estructura Social Argentina en la Facultad de Ciencias Económicas de la UNLP.<br />
Su trabajo se desarrolla principalmente en el campo de la economía aplicada, con contribuciones en temas de desigualdad, pobreza, mercados laborales, métodos y algoritmos computacionales, macroeconomía, deuda pública y finanzas internacionales.</p>
<p>Sus investigaciones han sido publicadas en revistas científicas nacionales e internacionales, entre ellas Desarrollo Económico, Económica, Ensayos Económicos, Economics Letters, El Trimestre Económico, Journal of Development Economics, Journal of Income Distribution, Journal of International Financial Markets, Institutions and Money, Journal for Labour Market Research, Journal of the Center for Puerto Rican Studies, Latin American Economic Review, Review of Development Economics, Revista Brasileira de Estudos de População, The Stata Journal y World Development. También ha publicado capítulos de libros y documentos de trabajo en series de CAF, CEDLAS, IZA, PNUD y el Banco Mundial.</p>
<p>Lugar | FCE-UBA | Aula Olivera</p>

<p>Seminario de investigación del IIEP Expositor Pablo Gluzmann | CEDLAS-IIE-FCE-UNLP y CONICET &nbsp; Resumen Presentamos samregc, un nuevo comando de Stata que evalúa cómo responden los coeficientes de las variables</p>

<!-- This site is optimized with the Yoast SEO plugin v28.4 - https://yoast.com/product/yoast-seo-wordpress/ -->
<title>Seminario de investigación del IIEP | Samregc: Sensitivity Analysis of Main Regression Coefficients - IIEP UBA-CONICET</title>
<meta name="robots" content="index, follow, max-snippet:-1, max-image-preview:large, max-video-preview:-1" />
<link rel="canonical" href="https://economicas.uba.ar/iiep/eventos/samregc-sensitivity-analysis-of-main-regression-coefficients/" />
<meta property="og:locale" content="es_ES" />
<meta property="og:type" content="article" />
<meta property="og:title" content="Seminario de investigación del IIEP | Samregc: Sensitivity Analysis of Main Regression Coefficients - IIEP UBA-CONICET" />
<meta property="og:description" content="Seminario de investigación del IIEP Expositor Pablo Gluzmann | CEDLAS-IIE-FCE-UNLP y CONICET &nbsp; Resumen Presentamos samregc, un nuevo comando de Stata que evalúa cómo responden los coeficientes de las variables" />
<meta property="og:url" content="https://economicas.uba.ar/iiep/eventos/samregc-sensitivity-analysis-of-main-regression-coefficients/" />
<meta property="og:site_name" content="IIEP UBA-CONICET" />
<meta property="article:modified_time" content="2026-08-11T12:50:08+00:00" />
<meta property="og:image" content="https://economicas.uba.ar/iiep/wp-content/uploads/iiep-ico.jpg" />
	<meta property="og:image:width" content="300" />
	<meta property="og:image:height" content="300" />
	<meta property="og:image:type" content="image/jpeg" />
<meta name="twitter:card" content="summary_large_image" />
<meta name="twitter:label1" content="Tiempo de lectura" />
	<meta name="twitter:data1" content="2 minutos" />
<script type="application/ld+json" class="yoast-schema-graph">{"@context":"https:\/\/schema.org","@graph":[{"@type":"WebPage","@id":"https:\/\/economicas.uba.ar\/iiep\/eventos\/samregc-sensitivity-analysis-of-main-regression-coefficients\/","url":"https:\/\/economicas.uba.ar\/iiep\/eventos\/samregc-sensitivity-analysis-of-main-regression-coefficients\/","name":"Seminario de investigación del IIEP | Samregc: Sensitivity Analysis of Main Regression Coefficients - IIEP UBA-CONICET","isPartOf":{"@id":"https:\/\/economicas.uba.ar\/iiep\/#website"},"datePublished":"2026-08-11T12:48:55+00:00","dateModified":"2026-08-11T12:50:08+00:00","breadcrumb":{"@id":"https:\/\/economicas.uba.ar\/iiep\/eventos\/samregc-sensitivity-analysis-of-main-regression-coefficients\/#breadcrumb"},"inLanguage":"es-AR","potentialAction":[{"@type":"ReadAction","target":["https:\/\/economicas.uba.ar\/iiep\/eventos\/samregc-sensitivity-analysis-of-main-regression-coefficients\/"]}]},{"@type":"BreadcrumbList","@id":"https:\/\/economicas.uba.ar\/iiep\/eventos\/samregc-sensitivity-analysis-of-main-regression-coefficients\/#breadcrumb","itemListElement":[{"@type":"ListItem","position":1,"name":"Inicio","item":"https:\/\/economicas.uba.ar\/iiep\/"},{"@type":"ListItem","position":2,"name":"Eventos","item":"https:\/\/economicas.uba.ar\/iiep\/eventos\/"},{"@type":"ListItem","position":3,"name":"Seminario de investigación del IIEP | Samregc: Sensitivity Analysis of Main Regression Coefficients"}]},{"@type":"WebSite","@id":"https:\/\/economicas.uba.ar\/iiep\/#website","url":"https:\/\/economicas.uba.ar\/iiep\/","name":"IIEP","description":"IIEP UBA-CONICET","publisher":{"@id":"https:\/\/economicas.uba.ar\/iiep\/#organization"},"potentialAction":[{"@type":"SearchAction","target":{"@type":"EntryPoint","urlTemplate":"https:\/\/economicas.uba.ar\/iiep\/?s={search_term_string}"},"query-input":{"@type":"PropertyValueSpecification","valueRequired":true,"valueName":"search_term_string"}}],"inLanguage":"es-AR"},{"@type":"Organization","@id":"https:\/\/economicas.uba.ar\/iiep\/#organization","name":"IIEP","url":"https:\/\/economicas.uba.ar\/iiep\/","logo":{"@type":"ImageObject","inLanguage":"es-AR","@id":"https:\/\/economicas.uba.ar\/iiep\/#\/schema\/logo\/image\/","url":"https:\/\/economicas.uba.ar\/iiep\/wp-content\/uploads\/logo_iiep_light.svg","contentUrl":"https:\/\/economicas.uba.ar\/iiep\/wp-content\/uploads\/logo_iiep_light.svg","caption":"IIEP"},"image":{"@id":"https:\/\/economicas.uba.ar\/iiep\/#\/schema\/logo\/image\/"}}]}</script>
<!-- / Yoast SEO plugin. -->

Seminario de investigación del IIEP | Samregc: Sensitivity Analysis of Main Regression Coefficients - IIEP UBA-CONICET

Seminario de investigación del IIEP Expositor Pablo Gluzmann | CEDLAS-IIE-FCE-UNLP y CONICET &nbsp; Resumen Presentamos samregc, un nuevo comando de Stata que evalúa cómo responden los coeficientes de las variables
