{"id":1175,"date":"2023-05-09T14:46:32","date_gmt":"2023-05-09T17:46:32","guid":{"rendered":"https:\/\/economicas.uba.ar\/internacionales\/?page_id=1175"},"modified":"2026-03-20T17:50:36","modified_gmt":"2026-03-20T20:50:36","slug":"convocatorias","status":"publish","type":"page","link":"https:\/\/economicas.uba.ar\/internacionales\/convocatorias\/","title":{"rendered":"Convocatorias"},"content":{"rendered":"\t\t<div data-elementor-type=\"wp-page\" data-elementor-id=\"1175\" class=\"elementor elementor-1175\" data-elementor-post-type=\"page\">\n\t\t\t\t<div class=\"elementor-element elementor-element-dee1d4d e-flex e-con-boxed elementor-invisible e-con e-parent\" data-id=\"dee1d4d\" data-element_type=\"container\" data-e-type=\"container\" data-settings=\"{&quot;animation&quot;:&quot;fadeInUp&quot;}\">\n\t\t\t\t\t<div class=\"e-con-inner\">\n\t\t\t\t<div class=\"elementor-element elementor-element-f595ac0 elementor-widget elementor-widget-heading\" data-id=\"f595ac0\" data-element_type=\"widget\" data-e-type=\"widget\" data-widget_type=\"heading.default\">\n\t\t\t\t<div class=\"elementor-widget-container\">\n\t\t\t\t\t<h2 class=\"elementor-heading-title elementor-size-default\">Convocatorias<\/h2>\t\t\t\t<\/div>\n\t\t\t\t<\/div>\n\t\t\t\t<div class=\"elementor-element elementor-element-c6ec108 elementor-widget elementor-widget-text-editor\" data-id=\"c6ec108\" data-element_type=\"widget\" data-e-type=\"widget\" data-widget_type=\"text-editor.default\">\n\t\t\t\t<div class=\"elementor-widget-container\">\n\t\t\t\t\t\t\t\t\tEn este apartado podr\u00e1n acceder a diferentes convocatorias internas y externas de becas y proyectos de cooperaci\u00f3n internacionales ofrecidas por los principales organismos nacionales e internacionales.<br>\nFomentamos la cooperaci\u00f3n acad\u00e9mica internacional a trav\u00e9s de iniciativas que fortalecen las relaciones interinstitucionales y la movilidad acad\u00e9mica de estudiantes, docentes e investigadores de la Facultad de Ciencias Econ\u00f3micas.\t\t\t\t\t\t\t\t<\/div>\n\t\t\t\t<\/div>\n\t\t\t\t\t<\/div>\n\t\t\t\t<\/div>\n\t\t<div class=\"elementor-element elementor-element-7534ec4d animated-fast e-con-full e-flex elementor-invisible e-con e-parent\" data-id=\"7534ec4d\" data-element_type=\"container\" data-e-type=\"container\" data-settings=\"{&quot;animation&quot;:&quot;zoomIn&quot;,&quot;background_background&quot;:&quot;classic&quot;}\">\n\t\t<div class=\"elementor-element elementor-element-0ed2ed4 e-flex e-con-boxed e-con e-child\" data-id=\"0ed2ed4\" data-element_type=\"container\" data-e-type=\"container\">\n\t\t\t\t\t<div class=\"e-con-inner\">\n\t\t\t\t<div class=\"elementor-element elementor-element-d1b95ee elementor-widget elementor-widget-blogmentor_blog_posts\" data-id=\"d1b95ee\" data-element_type=\"widget\" data-e-type=\"widget\" data-widget_type=\"blogmentor_blog_posts.default\">\n\t\t\t\t<div class=\"elementor-widget-container\">\n\t\t\t\t\t\t\t\n\t\t\t\t\t<div class=\"upl-main\">\n\t\t<div class=\"upl-container\">\n\t\t\t\t\t\t\t<div class=\"upl-left-section bm_content_box\">\n\t\t\t\t\t\t\t\t<div class=\"bm-post-image clearfix bm-hover-effect bm-hover-effect-opacity\">\n\t\t\t\t\t<div class=\"upl-image\" style=\"background-image: url('https:\/\/economicas.uba.ar\/internacionales\/wp-content\/uploads\/CHARLA-INFORMATIVA-61.png')\"><\/div>\n\t\t\t\t<\/div>\n\t\t\t\t<div class=\"upl-author\"><img decoding=\"async\" src=\"https:\/\/secure.gravatar.com\/avatar\/bb7608fefb4bc40bd44371160d8b04acc4ecc9a11e978297ffc9a7fe41f3addd?s=96&d=mm&r=g\"><\/div>\n\t\t\t\t<div class=\"upl-title bm_title\"><a href=\"https:\/\/economicas.uba.ar\/internacionales\/programa-julio-cotler-2026\/\" rel=\"bookmark\">Programa Julio Cotler 2026<\/a><\/div>\t\t\t<\/div>\n\t\t\t\n\t\t\t\t\t\t<div class=\"upl-right-section\">\n\t\t\t\t<div class=\"upl-top bm_content_box\">\n\t\t\t\t\t<div class=\"bm-post-image clearfix bm-hover-effect bm-hover-effect-opacity\">\n\t\t\t\t\t\t<div class=\"upl-image\" style=\"background-image: url('https:\/\/economicas.uba.ar\/internacionales\/wp-content\/uploads\/CHARLA-INFORMATIVA-57.png')\"><\/div>\n\t\t\t\t\t<\/div>\n\t\t\t\t\t<div class=\"upl-author\">\n\t\t\t\t\t\t<img decoding=\"async\" src=\"https:\/\/secure.gravatar.com\/avatar\/bb7608fefb4bc40bd44371160d8b04acc4ecc9a11e978297ffc9a7fe41f3addd?s=96&d=mm&r=g\">\n\t\t\t\t\t<\/div>\n\t\t\t\t\t<div class=\"upl-title bm_title\"><a href=\"https:\/\/economicas.uba.ar\/internacionales\/redes-iberoamericanas-de-investigadores-rii-2024-2025-2026\/\" rel=\"bookmark\">Redes Iberoamericanas de Investigadores (RII) \u2013 2024\/2025\/2026<\/a><\/div>\t\t\t\t<\/div>\n\t\t\t\t\t\t\t<div class=\"upl-bottom bm_content_box\">\n\t\t\t\t\t<div class=\"bm-post-image clearfix bm-hover-effect bm-hover-effect-opacity\">\n\t\t\t\t\t\t<div class=\"upl-image\" style=\"background-image: url('https:\/\/economicas.uba.ar\/internacionales\/wp-content\/uploads\/CHARLA-INFORMATIVA-62.png')\"><\/div>\n\t\t\t\t\t<\/div>\n\t\t\t\t\t<div class=\"upl-author\">\n\t\t\t\t\t\t<img decoding=\"async\" src=\"https:\/\/secure.gravatar.com\/avatar\/bb7608fefb4bc40bd44371160d8b04acc4ecc9a11e978297ffc9a7fe41f3addd?s=96&d=mm&r=g\">\n\t\t\t\t\t<\/div>\n\t\t\t\t\t<div class=\"upl-title bm_title\"><a href=\"https:\/\/economicas.uba.ar\/internacionales\/ayudas-para-la-realizacion-de-master-universitario-de-la-universitat-politecnica-de-valencia-2026\/\" rel=\"bookmark\">Ayudas para la realizaci\u00f3n de M\u00e1ster Universitario de la Universitat Polit\u00e8cnica de Val\u00e8ncia 2026<\/a><\/div>\t\t\t\t<\/div>\n\t\t\t\t\t\t<\/div>\n\t\t<\/div>\n\t<\/div>\n\n\t<div class=\"upl-second-section\">\n\t\t\t\t\t<div class=\"upl-second bm_content_box\">\n\t\t\t\t<div class=\"bm-post-image clearfix bm-hover-effect bm-hover-effect-opacity\">\n\t\t\t\t\t<div class=\"upl-image\" style=\"background-image: url('https:\/\/economicas.uba.ar\/internacionales\/wp-content\/uploads\/cIERRE-FCE-30-de-abril-de-2026.png')\"><\/div>\n\t\t\t\t<\/div>\n\t\t\t\t<div class=\"upl-author\">\n\t\t\t\t\t<img decoding=\"async\" src=\"https:\/\/secure.gravatar.com\/avatar\/bb7608fefb4bc40bd44371160d8b04acc4ecc9a11e978297ffc9a7fe41f3addd?s=96&d=mm&r=g\">\n\t\t\t\t<\/div>\n\t\t\t\t<div class=\"upl-title bm_title\"><a href=\"https:\/\/economicas.uba.ar\/internacionales\/programa-escala-para-estudiantes-de-grado-asociacion-de-universidades-grupo-montevideo-augm-2\/\" rel=\"bookmark\">Programa ESCALA para Estudiantes de Grado Asociaci\u00f3n de Universidades Grupo Montevideo (AUGM)\u00a0<\/a><\/div>\t\t\t<\/div>\n\t\t\t\t\t<div class=\"upl-second bm_content_box\">\n\t\t\t\t<div class=\"bm-post-image clearfix bm-hover-effect bm-hover-effect-opacity\">\n\t\t\t\t\t<div class=\"upl-image\" style=\"background-image: url('https:\/\/economicas.uba.ar\/internacionales\/wp-content\/uploads\/SaveClip.App_657888442_18447178537128180_7960378631279324948_n-1.jpg')\"><\/div>\n\t\t\t\t<\/div>\n\t\t\t\t<div class=\"upl-author\">\n\t\t\t\t\t<img decoding=\"async\" src=\"https:\/\/secure.gravatar.com\/avatar\/bb7608fefb4bc40bd44371160d8b04acc4ecc9a11e978297ffc9a7fe41f3addd?s=96&d=mm&r=g\">\n\t\t\t\t<\/div>\n\t\t\t\t<div class=\"upl-title bm_title\"><a href=\"https:\/\/economicas.uba.ar\/internacionales\/convocatoria-ubaint-erasmus-2026\/\" rel=\"bookmark\">Programa UBAINT-ERASMUS 2026<\/a><\/div>\t\t\t<\/div>\n\t\t\t\t\t<div class=\"upl-second bm_content_box\">\n\t\t\t\t<div class=\"bm-post-image clearfix bm-hover-effect bm-hover-effect-opacity\">\n\t\t\t\t\t<div class=\"upl-image\" style=\"background-image: url('https:\/\/economicas.uba.ar\/internacionales\/wp-content\/uploads\/36_20260401_212201_0035.png')\"><\/div>\n\t\t\t\t<\/div>\n\t\t\t\t<div class=\"upl-author\">\n\t\t\t\t\t<img decoding=\"async\" src=\"https:\/\/secure.gravatar.com\/avatar\/bb7608fefb4bc40bd44371160d8b04acc4ecc9a11e978297ffc9a7fe41f3addd?s=96&d=mm&r=g\">\n\t\t\t\t<\/div>\n\t\t\t\t<div class=\"upl-title bm_title\"><a href=\"https:\/\/economicas.uba.ar\/internacionales\/xxi-edicion-del-programa-jovenes-lideres-iberoamericanos-2026\/\" rel=\"bookmark\">XXI edici\u00f3n del programa J\u00f3venes L\u00edderes Iberoamericanos 2026<\/a><\/div>\t\t\t<\/div>\n\t\t\t\t\t<div class=\"upl-second bm_content_box\">\n\t\t\t\t<div class=\"bm-post-image clearfix bm-hover-effect bm-hover-effect-opacity\">\n\t\t\t\t\t<div class=\"upl-image\" style=\"background-image: url('https:\/\/economicas.uba.ar\/internacionales\/wp-content\/uploads\/CHARLA-INFORMATIVA-49.png')\"><\/div>\n\t\t\t\t<\/div>\n\t\t\t\t<div class=\"upl-author\">\n\t\t\t\t\t<img decoding=\"async\" src=\"https:\/\/secure.gravatar.com\/avatar\/bb7608fefb4bc40bd44371160d8b04acc4ecc9a11e978297ffc9a7fe41f3addd?s=96&d=mm&r=g\">\n\t\t\t\t<\/div>\n\t\t\t\t<div class=\"upl-title bm_title\"><a href=\"https:\/\/economicas.uba.ar\/internacionales\/xvii-edicion-del-programa-para-el-fortalecimiento-de-la-funcion-publica-en-america-latina\/\" rel=\"bookmark\">XVII edici\u00f3n del Programa para el Fortalecimiento de la Funci\u00f3n P\u00fablica en Am\u00e9rica Latina<\/a><\/div>\t\t\t<\/div>\n\t\t\t\t\t<div class=\"upl-second bm_content_box\">\n\t\t\t\t<div class=\"bm-post-image clearfix bm-hover-effect bm-hover-effect-opacity\">\n\t\t\t\t\t<div class=\"upl-image\" style=\"background-image: url('https:\/\/economicas.uba.ar\/internacionales\/wp-content\/uploads\/CHARLA-INFORMATIVA-40.png')\"><\/div>\n\t\t\t\t<\/div>\n\t\t\t\t<div class=\"upl-author\">\n\t\t\t\t\t<img decoding=\"async\" src=\"https:\/\/secure.gravatar.com\/avatar\/bb7608fefb4bc40bd44371160d8b04acc4ecc9a11e978297ffc9a7fe41f3addd?s=96&d=mm&r=g\">\n\t\t\t\t<\/div>\n\t\t\t\t<div class=\"upl-title bm_title\"><a href=\"https:\/\/economicas.uba.ar\/internacionales\/programas-de-posgrados-2026-colegio-de-la-frontera-norte-colef\/\" rel=\"bookmark\">Programas de Posgrados 2026 \u2013 Colegio de la Frontera Norte (COLEF)<\/a><\/div>\t\t\t<\/div>\n\t\t\t\t\t<div class=\"upl-second bm_content_box\">\n\t\t\t\t<div class=\"bm-post-image clearfix bm-hover-effect bm-hover-effect-opacity\">\n\t\t\t\t\t<div class=\"upl-image\" style=\"background-image: url('https:\/\/economicas.uba.ar\/internacionales\/wp-content\/uploads\/UBACHINA-Eco-01-1.png')\"><\/div>\n\t\t\t\t<\/div>\n\t\t\t\t<div class=\"upl-author\">\n\t\t\t\t\t<img decoding=\"async\" src=\"https:\/\/secure.gravatar.com\/avatar\/bb7608fefb4bc40bd44371160d8b04acc4ecc9a11e978297ffc9a7fe41f3addd?s=96&d=mm&r=g\">\n\t\t\t\t<\/div>\n\t\t\t\t<div class=\"upl-title bm_title\"><a href=\"https:\/\/economicas.uba.ar\/internacionales\/programa-de-cooperacion-academica-uba-china-2026-2027-estudiantes-de-grado\/\" rel=\"bookmark\">Programa de Cooperaci\u00f3n Acad\u00e9mica\u00a0UBA-CHINA\u00a02026-2027 -Estudiantes de Grado-\u00a0<\/a><\/div>\t\t\t<\/div>\n\t\t\t\t\t<div class=\"upl-second bm_content_box\">\n\t\t\t\t<div class=\"bm-post-image clearfix bm-hover-effect bm-hover-effect-opacity\">\n\t\t\t\t\t<div class=\"upl-image\" style=\"background-image: url('https:\/\/economicas.uba.ar\/internacionales\/wp-content\/uploads\/CHARLA-INFORMATIVA-55.png')\"><\/div>\n\t\t\t\t<\/div>\n\t\t\t\t<div class=\"upl-author\">\n\t\t\t\t\t<img decoding=\"async\" src=\"https:\/\/secure.gravatar.com\/avatar\/bb7608fefb4bc40bd44371160d8b04acc4ecc9a11e978297ffc9a7fe41f3addd?s=96&d=mm&r=g\">\n\t\t\t\t<\/div>\n\t\t\t\t<div class=\"upl-title bm_title\"><a href=\"https:\/\/economicas.uba.ar\/internacionales\/becas-para-master-fulbright-consejo-federal-de-inversiones-cfi-2\/\" rel=\"bookmark\">-CONVOCATORIA CERRADA- Becas para M\u00e1ster Fulbright \u2013 Consejo Federal de Inversiones (CFI)<\/a><\/div>\t\t\t<\/div>\n\t\t\t\t\t<div class=\"upl-second bm_content_box\">\n\t\t\t\t<div class=\"bm-post-image clearfix bm-hover-effect bm-hover-effect-opacity\">\n\t\t\t\t\t<div class=\"upl-image\" style=\"background-image: url('https:\/\/economicas.uba.ar\/internacionales\/wp-content\/uploads\/CHARLA-INFORMATIVA-54.png')\"><\/div>\n\t\t\t\t<\/div>\n\t\t\t\t<div class=\"upl-author\">\n\t\t\t\t\t<img decoding=\"async\" src=\"https:\/\/secure.gravatar.com\/avatar\/bb7608fefb4bc40bd44371160d8b04acc4ecc9a11e978297ffc9a7fe41f3addd?s=96&d=mm&r=g\">\n\t\t\t\t<\/div>\n\t\t\t\t<div class=\"upl-title bm_title\"><a href=\"https:\/\/economicas.uba.ar\/internacionales\/becas-master-y-doctorado-fulbright-argentina-programa-regular-2026-2027\/\" rel=\"bookmark\">-CONVOCATORIA CERRADA- Becas M\u00e1ster y Doctorado \u2013 Fulbright Argentina Programa Regular 2026-2027<\/a><\/div>\t\t\t<\/div>\n\t\t\t\t\t<div class=\"upl-second bm_content_box\">\n\t\t\t\t<div class=\"bm-post-image clearfix bm-hover-effect bm-hover-effect-opacity\">\n\t\t\t\t\t<div class=\"upl-image\" style=\"background-image: url('https:\/\/economicas.uba.ar\/internacionales\/wp-content\/uploads\/CHARLA-INFORMATIVA-53.png')\"><\/div>\n\t\t\t\t<\/div>\n\t\t\t\t<div class=\"upl-author\">\n\t\t\t\t\t<img decoding=\"async\" src=\"https:\/\/secure.gravatar.com\/avatar\/bb7608fefb4bc40bd44371160d8b04acc4ecc9a11e978297ffc9a7fe41f3addd?s=96&d=mm&r=g\">\n\t\t\t\t<\/div>\n\t\t\t\t<div class=\"upl-title bm_title\"><a href=\"https:\/\/economicas.uba.ar\/internacionales\/programa-magallanes-movilidad-academica-entre-instituciones-asociadas-a-la-auip-2026\/\" rel=\"bookmark\">-CONVOCATORIA CERRADA- Programa Magallanes: Movilidad Acad\u00e9mica entre Instituciones Asociadas a la AUIP 2026<\/a><\/div>\t\t\t<\/div>\n\t\t\t<\/div>\n\t\t\t<div class=\"bm-pagination pagination_style_1\">\n\t\t\t\t<span aria-current=\"page\" class=\"page-numbers current\">1<\/span>\n<a class=\"page-numbers\" href=\"https:\/\/economicas.uba.ar\/internacionales\/wp-json\/wp\/v2\/pages\/1175\/page\/2\/\">2<\/a>\n<span class=\"page-numbers dots\">&hellip;<\/span>\n<a class=\"page-numbers\" href=\"https:\/\/economicas.uba.ar\/internacionales\/wp-json\/wp\/v2\/pages\/1175\/page\/12\/\">12<\/a>\n<a class=\"page-numbers\" href=\"https:\/\/economicas.uba.ar\/internacionales\/wp-json\/wp\/v2\/pages\/1175\/page\/13\/\">13<\/a>\n<a class=\"next page-numbers\" href=\"https:\/\/economicas.uba.ar\/internacionales\/wp-json\/wp\/v2\/pages\/1175\/page\/2\/\">  <i><\/i><\/a>\t\t\t<\/div>\n\t\t\t\t\t\t<\/div>\n\t\t\t\t<\/div>\n\t\t\t\t\t<\/div>\n\t\t\t\t<\/div>\n\t\t\t\t<\/div>\n\t\t<div class=\"elementor-element elementor-element-b0cfefd e-flex e-con-boxed e-con e-parent\" data-id=\"b0cfefd\" data-element_type=\"container\" data-e-type=\"container\">\n\t\t\t\t\t<div class=\"e-con-inner\">\n\t\t\t\t<div class=\"elementor-element elementor-element-810d018 elementor-widget elementor-widget-accordion\" data-id=\"810d018\" data-element_type=\"widget\" data-e-type=\"widget\" data-widget_type=\"accordion.default\">\n\t\t\t\t<div class=\"elementor-widget-container\">\n\t\t\t\t\t\t\t<div class=\"elementor-accordion\">\n\t\t\t\t\t\t\t<div class=\"elementor-accordion-item\">\n\t\t\t\t\t<div id=\"elementor-tab-title-1351\" class=\"elementor-tab-title\" data-tab=\"1\" role=\"button\" aria-controls=\"elementor-tab-content-1351\" aria-expanded=\"false\">\n\t\t\t\t\t\t\t\t\t\t\t\t\t<span class=\"elementor-accordion-icon elementor-accordion-icon-left\" aria-hidden=\"true\">\n\t\t\t\t\t\t\t\t\t\t\t\t\t\t\t<span class=\"elementor-accordion-icon-closed\"><i class=\"fas fa-plus\"><\/i><\/span>\n\t\t\t\t\t\t\t\t<span class=\"elementor-accordion-icon-opened\"><i class=\"fas fa-minus\"><\/i><\/span>\n\t\t\t\t\t\t\t\t\t\t\t\t\t\t<\/span>\n\t\t\t\t\t\t\t\t\t\t\t\t<a class=\"elementor-accordion-title\" tabindex=\"0\">Contacto<\/a>\n\t\t\t\t\t<\/div>\n\t\t\t\t\t<div id=\"elementor-tab-content-1351\" class=\"elementor-tab-content elementor-clearfix\" data-tab=\"1\" role=\"region\" aria-labelledby=\"elementor-tab-title-1351\"><ul><li><span style=\"color: #000000;\"><strong>Mariana Alvarez<\/strong><\/span><\/li><li><span style=\"color: #000000;\">Subsecretaria de Coordinaci\u00f3n General de la Secretaria de Relaciones Acad\u00e9micas Internacionales, Nacionales y Municipales.<\/span><\/li><li><span style=\"color: #000000;\">Mail: <a style=\"color: #000000;\" href=\"mailto:mariana.alvarez@economicas.uba.ar\">mariana.alvarez@economicas.uba.ar<\/a><\/span><\/li><li><span style=\"color: #000000;\">Tel\u00e9fono: +54 (11) 5285 6931<\/span><\/li><\/ul><\/div>\n\t\t\t\t<\/div>\n\t\t\t\t\t\t\t\t<\/div>\n\t\t\t\t\t\t<\/div>\n\t\t\t\t<\/div>\n\t\t\t\t\t<\/div>\n\t\t\t\t<\/div>\n\t\t\t\t<\/div>\n\t\t","protected":false},"excerpt":{"rendered":"<p>Convocatorias En este apartado podr\u00e1n acceder a diferentes convocatorias internas y externas de becas y proyectos de cooperaci\u00f3n internacionales ofrecidas por los principales organismos nacionales e internacionales. Fomentamos la cooperaci\u00f3n<\/p>\n","protected":false},"author":2,"featured_media":0,"parent":0,"menu_order":0,"comment_status":"closed","ping_status":"closed","template":"elementor_header_footer","meta":{"footnotes":""},"class_list":["post-1175","page","type-page","status-publish","hentry"],"yoast_head":"<!-- This site is optimized with the Yoast SEO plugin v27.3 - https:\/\/yoast.com\/product\/yoast-seo-wordpress\/ -->\n<title>Convocatorias - Internacionales<\/title>\n<meta name=\"robots\" content=\"index, follow, max-snippet:-1, max-image-preview:large, max-video-preview:-1\" \/>\n<link rel=\"canonical\" href=\"https:\/\/economicas.uba.ar\/internacionales\/convocatorias\/\" \/>\n<meta property=\"og:locale\" content=\"es_ES\" \/>\n<meta property=\"og:type\" content=\"article\" \/>\n<meta property=\"og:title\" content=\"Convocatorias - Internacionales\" \/>\n<meta property=\"og:description\" content=\"Convocatorias En este apartado podr\u00e1n acceder a diferentes convocatorias internas y externas de becas y proyectos de cooperaci\u00f3n internacionales ofrecidas por los principales organismos nacionales e internacionales. Fomentamos la cooperaci\u00f3n\" \/>\n<meta property=\"og:url\" content=\"https:\/\/economicas.uba.ar\/internacionales\/convocatorias\/\" \/>\n<meta property=\"og:site_name\" content=\"Internacionales\" \/>\n<meta property=\"article:modified_time\" content=\"2026-03-20T20:50:36+00:00\" \/>\n<meta property=\"og:image\" content=\"https:\/\/secure.gravatar.com\/avatar\/bb7608fefb4bc40bd44371160d8b04acc4ecc9a11e978297ffc9a7fe41f3addd?s=96&d=mm&r=g\" \/>\n<meta name=\"twitter:card\" content=\"summary_large_image\" \/>\n<meta name=\"twitter:label1\" content=\"Tiempo de lectura\" \/>\n\t<meta name=\"twitter:data1\" content=\"4 minutos\" \/>\n<script type=\"application\/ld+json\" class=\"yoast-schema-graph\">{\"@context\":\"https:\\\/\\\/schema.org\",\"@graph\":[{\"@type\":\"WebPage\",\"@id\":\"https:\\\/\\\/economicas.uba.ar\\\/internacionales\\\/convocatorias\\\/\",\"url\":\"https:\\\/\\\/economicas.uba.ar\\\/internacionales\\\/convocatorias\\\/\",\"name\":\"Convocatorias - Internacionales\",\"isPartOf\":{\"@id\":\"https:\\\/\\\/economicas.uba.ar\\\/internacionales\\\/#website\"},\"primaryImageOfPage\":{\"@id\":\"https:\\\/\\\/economicas.uba.ar\\\/internacionales\\\/convocatorias\\\/#primaryimage\"},\"image\":{\"@id\":\"https:\\\/\\\/economicas.uba.ar\\\/internacionales\\\/convocatorias\\\/#primaryimage\"},\"thumbnailUrl\":\"https:\\\/\\\/secure.gravatar.com\\\/avatar\\\/bb7608fefb4bc40bd44371160d8b04acc4ecc9a11e978297ffc9a7fe41f3addd?s=96&d=mm&r=g\",\"datePublished\":\"2023-05-09T17:46:32+00:00\",\"dateModified\":\"2026-03-20T20:50:36+00:00\",\"breadcrumb\":{\"@id\":\"https:\\\/\\\/economicas.uba.ar\\\/internacionales\\\/convocatorias\\\/#breadcrumb\"},\"inLanguage\":\"es-AR\",\"potentialAction\":[{\"@type\":\"ReadAction\",\"target\":[\"https:\\\/\\\/economicas.uba.ar\\\/internacionales\\\/convocatorias\\\/\"]}]},{\"@type\":\"ImageObject\",\"inLanguage\":\"es-AR\",\"@id\":\"https:\\\/\\\/economicas.uba.ar\\\/internacionales\\\/convocatorias\\\/#primaryimage\",\"url\":\"https:\\\/\\\/secure.gravatar.com\\\/avatar\\\/bb7608fefb4bc40bd44371160d8b04acc4ecc9a11e978297ffc9a7fe41f3addd?s=96&d=mm&r=g\",\"contentUrl\":\"https:\\\/\\\/secure.gravatar.com\\\/avatar\\\/bb7608fefb4bc40bd44371160d8b04acc4ecc9a11e978297ffc9a7fe41f3addd?s=96&d=mm&r=g\"},{\"@type\":\"BreadcrumbList\",\"@id\":\"https:\\\/\\\/economicas.uba.ar\\\/internacionales\\\/convocatorias\\\/#breadcrumb\",\"itemListElement\":[{\"@type\":\"ListItem\",\"position\":1,\"name\":\"Inicio\",\"item\":\"https:\\\/\\\/economicas.uba.ar\\\/internacionales\\\/\"},{\"@type\":\"ListItem\",\"position\":2,\"name\":\"Convocatorias\"}]},{\"@type\":\"WebSite\",\"@id\":\"https:\\\/\\\/economicas.uba.ar\\\/internacionales\\\/#website\",\"url\":\"https:\\\/\\\/economicas.uba.ar\\\/internacionales\\\/\",\"name\":\"Investigaci\u00f3n FCE\",\"description\":\"\",\"publisher\":{\"@id\":\"https:\\\/\\\/economicas.uba.ar\\\/internacionales\\\/#organization\"},\"potentialAction\":[{\"@type\":\"SearchAction\",\"target\":{\"@type\":\"EntryPoint\",\"urlTemplate\":\"https:\\\/\\\/economicas.uba.ar\\\/internacionales\\\/?s={search_term_string}\"},\"query-input\":{\"@type\":\"PropertyValueSpecification\",\"valueRequired\":true,\"valueName\":\"search_term_string\"}}],\"inLanguage\":\"es-AR\"},{\"@type\":\"Organization\",\"@id\":\"https:\\\/\\\/economicas.uba.ar\\\/internacionales\\\/#organization\",\"name\":\"Investigaci\u00f3n FCE\",\"url\":\"https:\\\/\\\/economicas.uba.ar\\\/internacionales\\\/\",\"logo\":{\"@type\":\"ImageObject\",\"inLanguage\":\"es-AR\",\"@id\":\"https:\\\/\\\/economicas.uba.ar\\\/internacionales\\\/#\\\/schema\\\/logo\\\/image\\\/\",\"url\":\"https:\\\/\\\/economicas.uba.ar\\\/internacionales\\\/wp-content\\\/uploads\\\/logo_2023.png\",\"contentUrl\":\"https:\\\/\\\/economicas.uba.ar\\\/internacionales\\\/wp-content\\\/uploads\\\/logo_2023.png\",\"width\":292,\"height\":81,\"caption\":\"Investigaci\u00f3n FCE\"},\"image\":{\"@id\":\"https:\\\/\\\/economicas.uba.ar\\\/internacionales\\\/#\\\/schema\\\/logo\\\/image\\\/\"}}]}<\/script>\n<!-- \/ Yoast SEO plugin. -->","yoast_head_json":{"title":"Convocatorias - Internacionales","robots":{"index":"index","follow":"follow","max-snippet":"max-snippet:-1","max-image-preview":"max-image-preview:large","max-video-preview":"max-video-preview:-1"},"canonical":"https:\/\/economicas.uba.ar\/internacionales\/convocatorias\/","og_locale":"es_ES","og_type":"article","og_title":"Convocatorias - Internacionales","og_description":"Convocatorias En este apartado podr\u00e1n acceder a diferentes convocatorias internas y externas de becas y proyectos de cooperaci\u00f3n internacionales ofrecidas por los principales organismos nacionales e internacionales. Fomentamos la cooperaci\u00f3n","og_url":"https:\/\/economicas.uba.ar\/internacionales\/convocatorias\/","og_site_name":"Internacionales","article_modified_time":"2026-03-20T20:50:36+00:00","og_image":[{"url":"https:\/\/secure.gravatar.com\/avatar\/bb7608fefb4bc40bd44371160d8b04acc4ecc9a11e978297ffc9a7fe41f3addd?s=96&d=mm&r=g","type":"","width":"","height":""}],"twitter_card":"summary_large_image","twitter_misc":{"Tiempo de lectura":"4 minutos"},"schema":{"@context":"https:\/\/schema.org","@graph":[{"@type":"WebPage","@id":"https:\/\/economicas.uba.ar\/internacionales\/convocatorias\/","url":"https:\/\/economicas.uba.ar\/internacionales\/convocatorias\/","name":"Convocatorias - Internacionales","isPartOf":{"@id":"https:\/\/economicas.uba.ar\/internacionales\/#website"},"primaryImageOfPage":{"@id":"https:\/\/economicas.uba.ar\/internacionales\/convocatorias\/#primaryimage"},"image":{"@id":"https:\/\/economicas.uba.ar\/internacionales\/convocatorias\/#primaryimage"},"thumbnailUrl":"https:\/\/secure.gravatar.com\/avatar\/bb7608fefb4bc40bd44371160d8b04acc4ecc9a11e978297ffc9a7fe41f3addd?s=96&d=mm&r=g","datePublished":"2023-05-09T17:46:32+00:00","dateModified":"2026-03-20T20:50:36+00:00","breadcrumb":{"@id":"https:\/\/economicas.uba.ar\/internacionales\/convocatorias\/#breadcrumb"},"inLanguage":"es-AR","potentialAction":[{"@type":"ReadAction","target":["https:\/\/economicas.uba.ar\/internacionales\/convocatorias\/"]}]},{"@type":"ImageObject","inLanguage":"es-AR","@id":"https:\/\/economicas.uba.ar\/internacionales\/convocatorias\/#primaryimage","url":"https:\/\/secure.gravatar.com\/avatar\/bb7608fefb4bc40bd44371160d8b04acc4ecc9a11e978297ffc9a7fe41f3addd?s=96&d=mm&r=g","contentUrl":"https:\/\/secure.gravatar.com\/avatar\/bb7608fefb4bc40bd44371160d8b04acc4ecc9a11e978297ffc9a7fe41f3addd?s=96&d=mm&r=g"},{"@type":"BreadcrumbList","@id":"https:\/\/economicas.uba.ar\/internacionales\/convocatorias\/#breadcrumb","itemListElement":[{"@type":"ListItem","position":1,"name":"Inicio","item":"https:\/\/economicas.uba.ar\/internacionales\/"},{"@type":"ListItem","position":2,"name":"Convocatorias"}]},{"@type":"WebSite","@id":"https:\/\/economicas.uba.ar\/internacionales\/#website","url":"https:\/\/economicas.uba.ar\/internacionales\/","name":"Investigaci\u00f3n FCE","description":"","publisher":{"@id":"https:\/\/economicas.uba.ar\/internacionales\/#organization"},"potentialAction":[{"@type":"SearchAction","target":{"@type":"EntryPoint","urlTemplate":"https:\/\/economicas.uba.ar\/internacionales\/?s={search_term_string}"},"query-input":{"@type":"PropertyValueSpecification","valueRequired":true,"valueName":"search_term_string"}}],"inLanguage":"es-AR"},{"@type":"Organization","@id":"https:\/\/economicas.uba.ar\/internacionales\/#organization","name":"Investigaci\u00f3n FCE","url":"https:\/\/economicas.uba.ar\/internacionales\/","logo":{"@type":"ImageObject","inLanguage":"es-AR","@id":"https:\/\/economicas.uba.ar\/internacionales\/#\/schema\/logo\/image\/","url":"https:\/\/economicas.uba.ar\/internacionales\/wp-content\/uploads\/logo_2023.png","contentUrl":"https:\/\/economicas.uba.ar\/internacionales\/wp-content\/uploads\/logo_2023.png","width":292,"height":81,"caption":"Investigaci\u00f3n FCE"},"image":{"@id":"https:\/\/economicas.uba.ar\/internacionales\/#\/schema\/logo\/image\/"}}]}},"_links":{"self":[{"href":"https:\/\/economicas.uba.ar\/internacionales\/wp-json\/wp\/v2\/pages\/1175","targetHints":{"allow":["GET"]}}],"collection":[{"href":"https:\/\/economicas.uba.ar\/internacionales\/wp-json\/wp\/v2\/pages"}],"about":[{"href":"https:\/\/economicas.uba.ar\/internacionales\/wp-json\/wp\/v2\/types\/page"}],"author":[{"embeddable":true,"href":"https:\/\/economicas.uba.ar\/internacionales\/wp-json\/wp\/v2\/users\/2"}],"replies":[{"embeddable":true,"href":"https:\/\/economicas.uba.ar\/internacionales\/wp-json\/wp\/v2\/comments?post=1175"}],"version-history":[{"count":86,"href":"https:\/\/economicas.uba.ar\/internacionales\/wp-json\/wp\/v2\/pages\/1175\/revisions"}],"predecessor-version":[{"id":6548,"href":"https:\/\/economicas.uba.ar\/internacionales\/wp-json\/wp\/v2\/pages\/1175\/revisions\/6548"}],"wp:attachment":[{"href":"https:\/\/economicas.uba.ar\/internacionales\/wp-json\/wp\/v2\/media?parent=1175"}],"curies":[{"name":"wp","href":"https:\/\/api.w.org\/{rel}","templated":true}]}}